{"id":10490,"date":"2024-01-17T17:07:26","date_gmt":"2024-01-17T16:07:26","guid":{"rendered":"https:\/\/lesforestiersassocies.fr\/?post_type=product&#038;p=10490"},"modified":"2024-02-14T11:55:20","modified_gmt":"2024-02-14T10:55:20","slug":"vis-tete-fraisee-bichro-paneltwistec-ag-tete-conique","status":"publish","type":"product","link":"https:\/\/lesforestiersassocies.fr\/index.php\/produit\/vis-tete-fraisee-bichro-paneltwistec-ag-tete-conique\/","title":{"rendered":"Vis Galva \u00d88 x Long.100-120-140-160 mm"},"content":{"rendered":"<p><strong>Entra\u00eenement uniforme: TX40 pour toutes les vis<\/strong><\/p>\n<p>La vis Paneltwistec AG TX40, en acier au carbone galvanis\u00e9 bleu et tremp\u00e9, est une vis pour construction en bois pr\u00e9sentant une pointe sp\u00e9ciale et des nervures de fraisage au-dessus du filetage. La g\u00e9om\u00e9trie sp\u00e9ciale de la pointe de la vis AG assure une diminution du couple de vissage et minimise l\u2019effet de fendage lors du vissage.<\/p>\n<p><strong>Applications<\/strong><\/p>\n<ul>\n<li>R\u00e9sistance limit\u00e9e \u00e0 la corrosion et utilisable dans les classes d\u2018utilisation 1 et 2 selon DIN EN 1995 (Eurocode 5)<\/li>\n<li>Vis \u00e0 bois Paneltwistec \u00e0 partir de \u00d8 6,0 \u00e9galement pour la fixation de syst\u00e8mes d\u2018isolation sur chevrons (\u00d8 8,0 utilis\u00e9 en standard)<\/li>\n<li>Ne convient pas aux bois contenant du tanin<\/li>\n<\/ul>\n<p><strong>Mat\u00e9riau<\/strong><\/p>\n<ul>\n<li>Acier tremp\u00e9 + galvanis\u00e9<\/li>\n<li>Sans oxyde de chrome<\/li>\n<li>Bonne r\u00e9sistance aux contraintes m\u00e9caniques<\/li>\n<\/ul>\n","protected":false},"excerpt":{"rendered":"<p>Paneltwistec AG Galvanis\u00e9 Bleu Torx TX40<\/p>\n","protected":false},"featured_media":10491,"template":"","meta":[],"product_cat":[65],"product_tag":[109],"acf":[],"yoast_head":"<!-- This site is optimized with the Yoast SEO plugin v21.9 - https:\/\/yoast.com\/wordpress\/plugins\/seo\/ -->\n<title>Vis Galva \u00d88 x Long.100-120-140-160 mm - Les Forestiers Associ\u00e9s<\/title>\n<meta name=\"robots\" content=\"index, follow, max-snippet:-1, max-image-preview:large, max-video-preview:-1\" \/>\n<link rel=\"canonical\" href=\"https:\/\/lesforestiersassocies.fr\/index.php\/produit\/vis-tete-fraisee-bichro-paneltwistec-ag-tete-conique\/\" \/>\n<meta property=\"og:locale\" content=\"fr_FR\" \/>\n<meta property=\"og:type\" content=\"article\" \/>\n<meta property=\"og:title\" content=\"Vis Galva \u00d88 x Long.100-120-140-160 mm - Les Forestiers Associ\u00e9s\" \/>\n<meta property=\"og:description\" content=\"Paneltwistec AG Galvanis\u00e9 Bleu Torx TX40\" \/>\n<meta property=\"og:url\" content=\"https:\/\/lesforestiersassocies.fr\/index.php\/produit\/vis-tete-fraisee-bichro-paneltwistec-ag-tete-conique\/\" \/>\n<meta property=\"og:site_name\" content=\"Les Forestiers Associ\u00e9s\" \/>\n<meta property=\"article:modified_time\" content=\"2024-02-14T10:55:20+00:00\" \/>\n<meta property=\"og:image\" content=\"https:\/\/lesforestiersassocies.fr\/wp-content\/uploads\/2024\/01\/8-x-100.jpg\" \/>\n\t<meta property=\"og:image:width\" content=\"1000\" \/>\n\t<meta property=\"og:image:height\" content=\"794\" \/>\n\t<meta property=\"og:image:type\" content=\"image\/jpeg\" \/>\n<meta name=\"twitter:card\" content=\"summary_large_image\" \/>\n<meta name=\"twitter:label1\" content=\"Dur\u00e9e de lecture estim\u00e9e\" \/>\n\t<meta name=\"twitter:data1\" content=\"1 minute\" \/>\n<script type=\"application\/ld+json\" class=\"yoast-schema-graph\">{\"@context\":\"https:\/\/schema.org\",\"@graph\":[{\"@type\":\"WebPage\",\"@id\":\"https:\/\/lesforestiersassocies.fr\/index.php\/produit\/vis-tete-fraisee-bichro-paneltwistec-ag-tete-conique\/\",\"url\":\"https:\/\/lesforestiersassocies.fr\/index.php\/produit\/vis-tete-fraisee-bichro-paneltwistec-ag-tete-conique\/\",\"name\":\"Vis Galva \u00d88 x Long.100-120-140-160 mm - Les Forestiers Associ\u00e9s\",\"isPartOf\":{\"@id\":\"https:\/\/lesforestiersassocies.fr\/#website\"},\"datePublished\":\"2024-01-17T16:07:26+00:00\",\"dateModified\":\"2024-02-14T10:55:20+00:00\",\"breadcrumb\":{\"@id\":\"https:\/\/lesforestiersassocies.fr\/index.php\/produit\/vis-tete-fraisee-bichro-paneltwistec-ag-tete-conique\/#breadcrumb\"},\"inLanguage\":\"fr-FR\",\"potentialAction\":[{\"@type\":\"ReadAction\",\"target\":[\"https:\/\/lesforestiersassocies.fr\/index.php\/produit\/vis-tete-fraisee-bichro-paneltwistec-ag-tete-conique\/\"]}]},{\"@type\":\"BreadcrumbList\",\"@id\":\"https:\/\/lesforestiersassocies.fr\/index.php\/produit\/vis-tete-fraisee-bichro-paneltwistec-ag-tete-conique\/#breadcrumb\",\"itemListElement\":[{\"@type\":\"ListItem\",\"position\":1,\"name\":\"Accueil\",\"item\":\"https:\/\/lesforestiersassocies.fr\/\"},{\"@type\":\"ListItem\",\"position\":2,\"name\":\"Inventory\",\"item\":\"https:\/\/lesforestiersassocies.fr\/index.php\/inventory\/\"},{\"@type\":\"ListItem\",\"position\":3,\"name\":\"Vis Galva \u00d88 x Long.100-120-140-160 mm\"}]},{\"@type\":\"WebSite\",\"@id\":\"https:\/\/lesforestiersassocies.fr\/#website\",\"url\":\"https:\/\/lesforestiersassocies.fr\/\",\"name\":\"Les Forestiers Associ\u00e9s\",\"description\":\"Les Forestiers Associ\u00e9s\",\"publisher\":{\"@id\":\"https:\/\/lesforestiersassocies.fr\/#organization\"},\"potentialAction\":[{\"@type\":\"SearchAction\",\"target\":{\"@type\":\"EntryPoint\",\"urlTemplate\":\"https:\/\/lesforestiersassocies.fr\/?s={search_term_string}\"},\"query-input\":\"required name=search_term_string\"}],\"inLanguage\":\"fr-FR\"},{\"@type\":\"Organization\",\"@id\":\"https:\/\/lesforestiersassocies.fr\/#organization\",\"name\":\"Les Forestiers Associ\u00e9s\",\"url\":\"https:\/\/lesforestiersassocies.fr\/\",\"logo\":{\"@type\":\"ImageObject\",\"inLanguage\":\"fr-FR\",\"@id\":\"https:\/\/lesforestiersassocies.fr\/#\/schema\/logo\/image\/\",\"url\":\"http:\/\/lesforestiersassocies.fr\/wp-content\/uploads\/2019\/01\/LFA-Logo.jpg\",\"contentUrl\":\"http:\/\/lesforestiersassocies.fr\/wp-content\/uploads\/2019\/01\/LFA-Logo.jpg\",\"width\":905,\"height\":314,\"caption\":\"Les Forestiers Associ\u00e9s\"},\"image\":{\"@id\":\"https:\/\/lesforestiersassocies.fr\/#\/schema\/logo\/image\/\"}}]}<\/script>\n<!-- \/ Yoast SEO plugin. -->","yoast_head_json":{"title":"Vis Galva \u00d88 x Long.100-120-140-160 mm - Les Forestiers Associ\u00e9s","robots":{"index":"index","follow":"follow","max-snippet":"max-snippet:-1","max-image-preview":"max-image-preview:large","max-video-preview":"max-video-preview:-1"},"canonical":"https:\/\/lesforestiersassocies.fr\/index.php\/produit\/vis-tete-fraisee-bichro-paneltwistec-ag-tete-conique\/","og_locale":"fr_FR","og_type":"article","og_title":"Vis Galva \u00d88 x Long.100-120-140-160 mm - Les Forestiers Associ\u00e9s","og_description":"Paneltwistec AG Galvanis\u00e9 Bleu Torx TX40","og_url":"https:\/\/lesforestiersassocies.fr\/index.php\/produit\/vis-tete-fraisee-bichro-paneltwistec-ag-tete-conique\/","og_site_name":"Les Forestiers Associ\u00e9s","article_modified_time":"2024-02-14T10:55:20+00:00","og_image":[{"width":1000,"height":794,"url":"https:\/\/lesforestiersassocies.fr\/wp-content\/uploads\/2024\/01\/8-x-100.jpg","type":"image\/jpeg"}],"twitter_card":"summary_large_image","twitter_misc":{"Dur\u00e9e de lecture estim\u00e9e":"1 minute"},"schema":{"@context":"https:\/\/schema.org","@graph":[{"@type":"WebPage","@id":"https:\/\/lesforestiersassocies.fr\/index.php\/produit\/vis-tete-fraisee-bichro-paneltwistec-ag-tete-conique\/","url":"https:\/\/lesforestiersassocies.fr\/index.php\/produit\/vis-tete-fraisee-bichro-paneltwistec-ag-tete-conique\/","name":"Vis Galva \u00d88 x Long.100-120-140-160 mm - Les Forestiers Associ\u00e9s","isPartOf":{"@id":"https:\/\/lesforestiersassocies.fr\/#website"},"datePublished":"2024-01-17T16:07:26+00:00","dateModified":"2024-02-14T10:55:20+00:00","breadcrumb":{"@id":"https:\/\/lesforestiersassocies.fr\/index.php\/produit\/vis-tete-fraisee-bichro-paneltwistec-ag-tete-conique\/#breadcrumb"},"inLanguage":"fr-FR","potentialAction":[{"@type":"ReadAction","target":["https:\/\/lesforestiersassocies.fr\/index.php\/produit\/vis-tete-fraisee-bichro-paneltwistec-ag-tete-conique\/"]}]},{"@type":"BreadcrumbList","@id":"https:\/\/lesforestiersassocies.fr\/index.php\/produit\/vis-tete-fraisee-bichro-paneltwistec-ag-tete-conique\/#breadcrumb","itemListElement":[{"@type":"ListItem","position":1,"name":"Accueil","item":"https:\/\/lesforestiersassocies.fr\/"},{"@type":"ListItem","position":2,"name":"Inventory","item":"https:\/\/lesforestiersassocies.fr\/index.php\/inventory\/"},{"@type":"ListItem","position":3,"name":"Vis Galva \u00d88 x Long.100-120-140-160 mm"}]},{"@type":"WebSite","@id":"https:\/\/lesforestiersassocies.fr\/#website","url":"https:\/\/lesforestiersassocies.fr\/","name":"Les Forestiers Associ\u00e9s","description":"Les Forestiers Associ\u00e9s","publisher":{"@id":"https:\/\/lesforestiersassocies.fr\/#organization"},"potentialAction":[{"@type":"SearchAction","target":{"@type":"EntryPoint","urlTemplate":"https:\/\/lesforestiersassocies.fr\/?s={search_term_string}"},"query-input":"required name=search_term_string"}],"inLanguage":"fr-FR"},{"@type":"Organization","@id":"https:\/\/lesforestiersassocies.fr\/#organization","name":"Les Forestiers Associ\u00e9s","url":"https:\/\/lesforestiersassocies.fr\/","logo":{"@type":"ImageObject","inLanguage":"fr-FR","@id":"https:\/\/lesforestiersassocies.fr\/#\/schema\/logo\/image\/","url":"http:\/\/lesforestiersassocies.fr\/wp-content\/uploads\/2019\/01\/LFA-Logo.jpg","contentUrl":"http:\/\/lesforestiersassocies.fr\/wp-content\/uploads\/2019\/01\/LFA-Logo.jpg","width":905,"height":314,"caption":"Les Forestiers Associ\u00e9s"},"image":{"@id":"https:\/\/lesforestiersassocies.fr\/#\/schema\/logo\/image\/"}}]}},"_links":{"self":[{"href":"https:\/\/lesforestiersassocies.fr\/index.php\/wp-json\/wp\/v2\/product\/10490"}],"collection":[{"href":"https:\/\/lesforestiersassocies.fr\/index.php\/wp-json\/wp\/v2\/product"}],"about":[{"href":"https:\/\/lesforestiersassocies.fr\/index.php\/wp-json\/wp\/v2\/types\/product"}],"wp:featuredmedia":[{"embeddable":true,"href":"https:\/\/lesforestiersassocies.fr\/index.php\/wp-json\/wp\/v2\/media\/10491"}],"wp:attachment":[{"href":"https:\/\/lesforestiersassocies.fr\/index.php\/wp-json\/wp\/v2\/media?parent=10490"}],"wp:term":[{"taxonomy":"product_cat","embeddable":true,"href":"https:\/\/lesforestiersassocies.fr\/index.php\/wp-json\/wp\/v2\/product_cat?post=10490"},{"taxonomy":"product_tag","embeddable":true,"href":"https:\/\/lesforestiersassocies.fr\/index.php\/wp-json\/wp\/v2\/product_tag?post=10490"}],"curies":[{"name":"wp","href":"https:\/\/api.w.org\/{rel}","templated":true}]}}