{"id":10545,"date":"2024-01-26T11:43:46","date_gmt":"2024-01-26T10:43:46","guid":{"rendered":"https:\/\/lesforestiersassocies.fr\/?post_type=product&#038;p=10545"},"modified":"2024-02-14T12:12:32","modified_gmt":"2024-02-14T11:12:32","slug":"vis-tete-bombee-bichro-tx40","status":"publish","type":"product","link":"https:\/\/lesforestiersassocies.fr\/index.php\/produit\/vis-tete-bombee-bichro-tx40\/","title":{"rendered":"Vis Galva \u00d88 x Long.100-120-140-160-200-240 mm"},"content":{"rendered":"<p><strong>Entra\u00eenement uniforme: TX40 pour toutes les vis<\/strong><\/p>\n<p>La vis Paneltwistec AG TX40, t\u00eate bomb\u00e9e en acier au carbone galvanis\u00e9 bleu et tremp\u00e9, est une vis pour construction en bois pr\u00e9sentant une pointe sp\u00e9ciale et des nervures de fraisage au-dessus du filetage. La g\u00e9om\u00e9trie sp\u00e9ciale de la pointe de la vis AG assure une diminution du couple de vissage et minimise l\u2019effet de fendage lors du vissage.<\/p>\n<p>Le grand diam\u00e8tre de t\u00eate permet d\u2019atteindre des valeurs de serrage et des valeurs de passage de t\u00eate sensiblement plus \u00e9lev\u00e9es. La charge admissible de traction de la vis est ainsi beaucoup mieux exploit\u00e9e.<\/p>\n<p><strong>Applications<\/strong><\/p>\n<ul>\n<li>R\u00e9sistance limit\u00e9e \u00e0 la corrosion et utilisable dans les classes d\u2018utilisation 1 et 2 selon DIN EN 1995 (Eurocode 5)<\/li>\n<li>Vis \u00e0 bois Paneltwistec \u00e0 partir de \u00d8 6,0 \u00e9galement pour la fixation de syst\u00e8mes d\u2018isolation sur chevrons (\u00d8 8,0 utilis\u00e9 en standard)<\/li>\n<li>Ne convient pas aux bois contenant du tanin<\/li>\n<\/ul>\n<p><strong>Mat\u00e9riau<\/strong><\/p>\n<ul>\n<li>Acier tremp\u00e9 + galvanis\u00e9<\/li>\n<li>Sans oxyde de chrome<\/li>\n<li>Bonne r\u00e9sistance aux contraintes m\u00e9caniques<\/li>\n<\/ul>\n","protected":false},"excerpt":{"rendered":"<p>Paneltwistec AG, t\u00eate Plate bomb\u00e9e Torx TX40<\/p>\n","protected":false},"featured_media":10547,"template":"","meta":[],"product_cat":[65],"product_tag":[109],"acf":[],"yoast_head":"<!-- This site is optimized with the Yoast SEO plugin v21.9 - https:\/\/yoast.com\/wordpress\/plugins\/seo\/ -->\n<title>Vis Galva \u00d88 x Long.100-120-140-160-200-240 mm - Les Forestiers Associ\u00e9s<\/title>\n<meta name=\"robots\" content=\"index, follow, max-snippet:-1, max-image-preview:large, max-video-preview:-1\" \/>\n<link rel=\"canonical\" href=\"https:\/\/lesforestiersassocies.fr\/index.php\/produit\/vis-tete-bombee-bichro-tx40\/\" \/>\n<meta property=\"og:locale\" content=\"fr_FR\" \/>\n<meta property=\"og:type\" content=\"article\" \/>\n<meta property=\"og:title\" content=\"Vis Galva \u00d88 x Long.100-120-140-160-200-240 mm - Les Forestiers Associ\u00e9s\" \/>\n<meta property=\"og:description\" content=\"Paneltwistec AG, t\u00eate Plate bomb\u00e9e Torx TX40\" \/>\n<meta property=\"og:url\" content=\"https:\/\/lesforestiersassocies.fr\/index.php\/produit\/vis-tete-bombee-bichro-tx40\/\" \/>\n<meta property=\"og:site_name\" content=\"Les Forestiers Associ\u00e9s\" \/>\n<meta property=\"article:modified_time\" content=\"2024-02-14T11:12:32+00:00\" \/>\n<meta property=\"og:image\" content=\"https:\/\/lesforestiersassocies.fr\/wp-content\/uploads\/2024\/01\/8x100_8x240.jpg\" \/>\n\t<meta property=\"og:image:width\" content=\"1000\" \/>\n\t<meta property=\"og:image:height\" content=\"794\" \/>\n\t<meta property=\"og:image:type\" content=\"image\/jpeg\" \/>\n<meta name=\"twitter:card\" content=\"summary_large_image\" \/>\n<meta name=\"twitter:label1\" content=\"Dur\u00e9e de lecture estim\u00e9e\" \/>\n\t<meta name=\"twitter:data1\" content=\"2 minutes\" \/>\n<script type=\"application\/ld+json\" class=\"yoast-schema-graph\">{\"@context\":\"https:\/\/schema.org\",\"@graph\":[{\"@type\":\"WebPage\",\"@id\":\"https:\/\/lesforestiersassocies.fr\/index.php\/produit\/vis-tete-bombee-bichro-tx40\/\",\"url\":\"https:\/\/lesforestiersassocies.fr\/index.php\/produit\/vis-tete-bombee-bichro-tx40\/\",\"name\":\"Vis Galva \u00d88 x Long.100-120-140-160-200-240 mm - Les Forestiers Associ\u00e9s\",\"isPartOf\":{\"@id\":\"https:\/\/lesforestiersassocies.fr\/#website\"},\"datePublished\":\"2024-01-26T10:43:46+00:00\",\"dateModified\":\"2024-02-14T11:12:32+00:00\",\"breadcrumb\":{\"@id\":\"https:\/\/lesforestiersassocies.fr\/index.php\/produit\/vis-tete-bombee-bichro-tx40\/#breadcrumb\"},\"inLanguage\":\"fr-FR\",\"potentialAction\":[{\"@type\":\"ReadAction\",\"target\":[\"https:\/\/lesforestiersassocies.fr\/index.php\/produit\/vis-tete-bombee-bichro-tx40\/\"]}]},{\"@type\":\"BreadcrumbList\",\"@id\":\"https:\/\/lesforestiersassocies.fr\/index.php\/produit\/vis-tete-bombee-bichro-tx40\/#breadcrumb\",\"itemListElement\":[{\"@type\":\"ListItem\",\"position\":1,\"name\":\"Accueil\",\"item\":\"https:\/\/lesforestiersassocies.fr\/\"},{\"@type\":\"ListItem\",\"position\":2,\"name\":\"Inventory\",\"item\":\"https:\/\/lesforestiersassocies.fr\/index.php\/inventory\/\"},{\"@type\":\"ListItem\",\"position\":3,\"name\":\"Vis Galva \u00d88 x Long.100-120-140-160-200-240 mm\"}]},{\"@type\":\"WebSite\",\"@id\":\"https:\/\/lesforestiersassocies.fr\/#website\",\"url\":\"https:\/\/lesforestiersassocies.fr\/\",\"name\":\"Les Forestiers Associ\u00e9s\",\"description\":\"Les Forestiers Associ\u00e9s\",\"publisher\":{\"@id\":\"https:\/\/lesforestiersassocies.fr\/#organization\"},\"potentialAction\":[{\"@type\":\"SearchAction\",\"target\":{\"@type\":\"EntryPoint\",\"urlTemplate\":\"https:\/\/lesforestiersassocies.fr\/?s={search_term_string}\"},\"query-input\":\"required name=search_term_string\"}],\"inLanguage\":\"fr-FR\"},{\"@type\":\"Organization\",\"@id\":\"https:\/\/lesforestiersassocies.fr\/#organization\",\"name\":\"Les Forestiers Associ\u00e9s\",\"url\":\"https:\/\/lesforestiersassocies.fr\/\",\"logo\":{\"@type\":\"ImageObject\",\"inLanguage\":\"fr-FR\",\"@id\":\"https:\/\/lesforestiersassocies.fr\/#\/schema\/logo\/image\/\",\"url\":\"http:\/\/lesforestiersassocies.fr\/wp-content\/uploads\/2019\/01\/LFA-Logo.jpg\",\"contentUrl\":\"http:\/\/lesforestiersassocies.fr\/wp-content\/uploads\/2019\/01\/LFA-Logo.jpg\",\"width\":905,\"height\":314,\"caption\":\"Les Forestiers Associ\u00e9s\"},\"image\":{\"@id\":\"https:\/\/lesforestiersassocies.fr\/#\/schema\/logo\/image\/\"}}]}<\/script>\n<!-- \/ Yoast SEO plugin. -->","yoast_head_json":{"title":"Vis Galva \u00d88 x Long.100-120-140-160-200-240 mm - Les Forestiers Associ\u00e9s","robots":{"index":"index","follow":"follow","max-snippet":"max-snippet:-1","max-image-preview":"max-image-preview:large","max-video-preview":"max-video-preview:-1"},"canonical":"https:\/\/lesforestiersassocies.fr\/index.php\/produit\/vis-tete-bombee-bichro-tx40\/","og_locale":"fr_FR","og_type":"article","og_title":"Vis Galva \u00d88 x Long.100-120-140-160-200-240 mm - Les Forestiers Associ\u00e9s","og_description":"Paneltwistec AG, t\u00eate Plate bomb\u00e9e Torx TX40","og_url":"https:\/\/lesforestiersassocies.fr\/index.php\/produit\/vis-tete-bombee-bichro-tx40\/","og_site_name":"Les Forestiers Associ\u00e9s","article_modified_time":"2024-02-14T11:12:32+00:00","og_image":[{"width":1000,"height":794,"url":"https:\/\/lesforestiersassocies.fr\/wp-content\/uploads\/2024\/01\/8x100_8x240.jpg","type":"image\/jpeg"}],"twitter_card":"summary_large_image","twitter_misc":{"Dur\u00e9e de lecture estim\u00e9e":"2 minutes"},"schema":{"@context":"https:\/\/schema.org","@graph":[{"@type":"WebPage","@id":"https:\/\/lesforestiersassocies.fr\/index.php\/produit\/vis-tete-bombee-bichro-tx40\/","url":"https:\/\/lesforestiersassocies.fr\/index.php\/produit\/vis-tete-bombee-bichro-tx40\/","name":"Vis Galva \u00d88 x Long.100-120-140-160-200-240 mm - Les Forestiers Associ\u00e9s","isPartOf":{"@id":"https:\/\/lesforestiersassocies.fr\/#website"},"datePublished":"2024-01-26T10:43:46+00:00","dateModified":"2024-02-14T11:12:32+00:00","breadcrumb":{"@id":"https:\/\/lesforestiersassocies.fr\/index.php\/produit\/vis-tete-bombee-bichro-tx40\/#breadcrumb"},"inLanguage":"fr-FR","potentialAction":[{"@type":"ReadAction","target":["https:\/\/lesforestiersassocies.fr\/index.php\/produit\/vis-tete-bombee-bichro-tx40\/"]}]},{"@type":"BreadcrumbList","@id":"https:\/\/lesforestiersassocies.fr\/index.php\/produit\/vis-tete-bombee-bichro-tx40\/#breadcrumb","itemListElement":[{"@type":"ListItem","position":1,"name":"Accueil","item":"https:\/\/lesforestiersassocies.fr\/"},{"@type":"ListItem","position":2,"name":"Inventory","item":"https:\/\/lesforestiersassocies.fr\/index.php\/inventory\/"},{"@type":"ListItem","position":3,"name":"Vis Galva \u00d88 x Long.100-120-140-160-200-240 mm"}]},{"@type":"WebSite","@id":"https:\/\/lesforestiersassocies.fr\/#website","url":"https:\/\/lesforestiersassocies.fr\/","name":"Les Forestiers Associ\u00e9s","description":"Les Forestiers Associ\u00e9s","publisher":{"@id":"https:\/\/lesforestiersassocies.fr\/#organization"},"potentialAction":[{"@type":"SearchAction","target":{"@type":"EntryPoint","urlTemplate":"https:\/\/lesforestiersassocies.fr\/?s={search_term_string}"},"query-input":"required name=search_term_string"}],"inLanguage":"fr-FR"},{"@type":"Organization","@id":"https:\/\/lesforestiersassocies.fr\/#organization","name":"Les Forestiers Associ\u00e9s","url":"https:\/\/lesforestiersassocies.fr\/","logo":{"@type":"ImageObject","inLanguage":"fr-FR","@id":"https:\/\/lesforestiersassocies.fr\/#\/schema\/logo\/image\/","url":"http:\/\/lesforestiersassocies.fr\/wp-content\/uploads\/2019\/01\/LFA-Logo.jpg","contentUrl":"http:\/\/lesforestiersassocies.fr\/wp-content\/uploads\/2019\/01\/LFA-Logo.jpg","width":905,"height":314,"caption":"Les Forestiers Associ\u00e9s"},"image":{"@id":"https:\/\/lesforestiersassocies.fr\/#\/schema\/logo\/image\/"}}]}},"_links":{"self":[{"href":"https:\/\/lesforestiersassocies.fr\/index.php\/wp-json\/wp\/v2\/product\/10545"}],"collection":[{"href":"https:\/\/lesforestiersassocies.fr\/index.php\/wp-json\/wp\/v2\/product"}],"about":[{"href":"https:\/\/lesforestiersassocies.fr\/index.php\/wp-json\/wp\/v2\/types\/product"}],"wp:featuredmedia":[{"embeddable":true,"href":"https:\/\/lesforestiersassocies.fr\/index.php\/wp-json\/wp\/v2\/media\/10547"}],"wp:attachment":[{"href":"https:\/\/lesforestiersassocies.fr\/index.php\/wp-json\/wp\/v2\/media?parent=10545"}],"wp:term":[{"taxonomy":"product_cat","embeddable":true,"href":"https:\/\/lesforestiersassocies.fr\/index.php\/wp-json\/wp\/v2\/product_cat?post=10545"},{"taxonomy":"product_tag","embeddable":true,"href":"https:\/\/lesforestiersassocies.fr\/index.php\/wp-json\/wp\/v2\/product_tag?post=10545"}],"curies":[{"name":"wp","href":"https:\/\/api.w.org\/{rel}","templated":true}]}}

Vis Galva Ø8 x Long.100-120-140-160-200-240 mm

<p><strong>Entraînement uniforme: TX40 pour toutes les vis</strong></p>
<p>La vis Paneltwistec AG TX40, tête bombée en acier au carbone galvanisé bleu et trempé, est une vis pour construction en bois présentant une pointe spéciale et des nervures de fraisage au-dessus du filetage. La géométrie spéciale de la pointe de la vis AG assure une diminution du couple de vissage et minimise l’effet de fendage lors du vissage.</p>
<p>Le grand diamètre de tête permet d’atteindre des valeurs de serrage et des valeurs de passage de tête sensiblement plus élevées. La charge admissible de traction de la vis est ainsi beaucoup mieux exploitée.</p>
<p><strong>Applications</strong></p>
<ul>
<li>Résistance limitée à la corrosion et utilisable dans les classes d‘utilisation 1 et 2 selon DIN EN 1995 (Eurocode 5)</li>
<li>Vis à bois Paneltwistec à partir de Ø 6,0 également pour la fixation de systèmes d‘isolation sur chevrons (Ø 8,0 utilisé en standard)</li>
<li>Ne convient pas aux bois contenant du tanin</li>
</ul>
<p><strong>Matériau</strong></p>
<ul>
<li>Acier trempé + galvanisé</li>
<li>Sans oxyde de chrome</li>
<li>Bonne résistance aux contraintes mécaniques</li>
</ul>

<p>Paneltwistec AG, tête Plate bombée Torx TX40</p>

<!-- This site is optimized with the Yoast SEO plugin v21.9 - https://yoast.com/wordpress/plugins/seo/ -->
<title>Vis Galva Ø8 x Long.100-120-140-160-200-240 mm - Les Forestiers Associés</title>
<meta name="robots" content="index, follow, max-snippet:-1, max-image-preview:large, max-video-preview:-1" />
<link rel="canonical" href="https://lesforestiersassocies.fr/index.php/produit/vis-tete-bombee-bichro-tx40/" />
<meta property="og:locale" content="fr_FR" />
<meta property="og:type" content="article" />
<meta property="og:title" content="Vis Galva Ø8 x Long.100-120-140-160-200-240 mm - Les Forestiers Associés" />
<meta property="og:description" content="Paneltwistec AG, tête Plate bombée Torx TX40" />
<meta property="og:url" content="https://lesforestiersassocies.fr/index.php/produit/vis-tete-bombee-bichro-tx40/" />
<meta property="og:site_name" content="Les Forestiers Associés" />
<meta property="article:modified_time" content="2024-02-14T11:12:32+00:00" />
<meta property="og:image" content="https://lesforestiersassocies.fr/wp-content/uploads/2024/01/8x100_8x240.jpg" />
	<meta property="og:image:width" content="1000" />
	<meta property="og:image:height" content="794" />
	<meta property="og:image:type" content="image/jpeg" />
<meta name="twitter:card" content="summary_large_image" />
<meta name="twitter:label1" content="Durée de lecture estimée" />
	<meta name="twitter:data1" content="2 minutes" />
<script type="application/ld+json" class="yoast-schema-graph">{"@context":"https://schema.org","@graph":[{"@type":"WebPage","@id":"https://lesforestiersassocies.fr/index.php/produit/vis-tete-bombee-bichro-tx40/","url":"https://lesforestiersassocies.fr/index.php/produit/vis-tete-bombee-bichro-tx40/","name":"Vis Galva Ø8 x Long.100-120-140-160-200-240 mm - Les Forestiers Associés","isPartOf":{"@id":"https://lesforestiersassocies.fr/#website"},"datePublished":"2024-01-26T10:43:46+00:00","dateModified":"2024-02-14T11:12:32+00:00","breadcrumb":{"@id":"https://lesforestiersassocies.fr/index.php/produit/vis-tete-bombee-bichro-tx40/#breadcrumb"},"inLanguage":"fr-FR","potentialAction":[{"@type":"ReadAction","target":["https://lesforestiersassocies.fr/index.php/produit/vis-tete-bombee-bichro-tx40/"]}]},{"@type":"BreadcrumbList","@id":"https://lesforestiersassocies.fr/index.php/produit/vis-tete-bombee-bichro-tx40/#breadcrumb","itemListElement":[{"@type":"ListItem","position":1,"name":"Accueil","item":"https://lesforestiersassocies.fr/"},{"@type":"ListItem","position":2,"name":"Inventory","item":"https://lesforestiersassocies.fr/index.php/inventory/"},{"@type":"ListItem","position":3,"name":"Vis Galva Ø8 x Long.100-120-140-160-200-240 mm"}]},{"@type":"WebSite","@id":"https://lesforestiersassocies.fr/#website","url":"https://lesforestiersassocies.fr/","name":"Les Forestiers Associés","description":"Les Forestiers Associés","publisher":{"@id":"https://lesforestiersassocies.fr/#organization"},"potentialAction":[{"@type":"SearchAction","target":{"@type":"EntryPoint","urlTemplate":"https://lesforestiersassocies.fr/?s={search_term_string}"},"query-input":"required name=search_term_string"}],"inLanguage":"fr-FR"},{"@type":"Organization","@id":"https://lesforestiersassocies.fr/#organization","name":"Les Forestiers Associés","url":"https://lesforestiersassocies.fr/","logo":{"@type":"ImageObject","inLanguage":"fr-FR","@id":"https://lesforestiersassocies.fr/#/schema/logo/image/","url":"http://lesforestiersassocies.fr/wp-content/uploads/2019/01/LFA-Logo.jpg","contentUrl":"http://lesforestiersassocies.fr/wp-content/uploads/2019/01/LFA-Logo.jpg","width":905,"height":314,"caption":"Les Forestiers Associés"},"image":{"@id":"https://lesforestiersassocies.fr/#/schema/logo/image/"}}]}</script>
<!-- / Yoast SEO plugin. -->

Vis Galva Ø8 x Long.100-120-140-160-200-240 mm - Les Forestiers Associés

Paneltwistec AG, tête Plate bombée Torx TX40

Les Forestiers Associés
