{"id":10590,"date":"2024-02-01T15:16:30","date_gmt":"2024-02-01T14:16:30","guid":{"rendered":"https:\/\/lesforestiersassocies.fr\/?post_type=product&#038;p=10590"},"modified":"2024-03-06T14:40:03","modified_gmt":"2024-03-06T13:40:03","slug":"volige-mi-bois-decale-16-x-180-utile-epicea-traite-cl2","status":"publish","type":"product","link":"https:\/\/lesforestiersassocies.fr\/index.php\/produit\/volige-mi-bois-decale-16-x-180-utile-epicea-traite-cl2\/","title":{"rendered":"Volige mi-bois d\u00e9cal\u00e9 16 x 180 utile Sapin\/Epic\u00e9a Trait\u00e9 Cl2"},"content":{"rendered":"<div class=\"tw-mb-4\">\n<p class=\"tw-text-sm\">La volige en sapin blanc du Nord de qualit\u00e9 charpente et trait\u00e9e classe 2 de Norsilk est une pi\u00e8ce de bois utilis\u00e9e comme support de mat\u00e9riau de couverture. Adapt\u00e9e \u00e0 de nombreux usages, elle convient \u00e9galement pour r\u00e9aliser des bardages, des faux plafonds, des lambris ou des caissages.<br \/>\nChaque volige est usin\u00e9e en feuillure pour \u00eatre assembl\u00e9e \u00e0 mi-bois. Le profil jointif permet de r\u00e9aliser des joints bord \u00e0 bord.<br \/>\nLa qualit\u00e9 charpente correspond \u00e0 un bois pr\u00e9sentant quelques d\u00e9fauts, sans incidence sur ses performances m\u00e9caniques.<br \/>\nLe traitement apport\u00e9 autorise une utilisation dans les int\u00e9rieurs avec humidit\u00e9 ambiante \u00e9lev\u00e9e occasionnelle.<\/p>\n<\/div>\n<div class=\"tw-mb-4\">\n<p><span class=\"tw-font-weight-600 tw-mb-3 tw-block\">Les plus :<\/span><\/p>\n<p class=\"tw-leading-relaxed\">&#8211; Bois l\u00e9ger et facile \u00e0 travailler<br \/>\n&#8211; Nombreux usages possibles<\/p>\n<\/div>\n<div class=\"tw-mb-4\">\n<p><span class=\"tw-font-weight-600 tw-mb-3 tw-block\">Conseils d\u2019utilisation :<\/span><\/p>\n<p class=\"tw-leading-relaxed\">&#8211; Utilis\u00e9e en couverture, la volige se fixe sur les chevrons pour former un plancher continu supportant le mat\u00e9riau de couverture (ardoises, zinc, rev\u00eatement \u00e9tanche). Elle est aussi utilis\u00e9e comme sous-toiture en compl\u00e9ment d&rsquo;isolation<br \/>\n&#8211; Permet \u00e9galement la r\u00e9alisation de faux plafonds, de bardages, de lambris et de caissages<br \/>\n&#8211; Stocker \u00e0 plat et \u00e0 l&rsquo;abri de l&rsquo;humidit\u00e9<\/p>\n<\/div>\n","protected":false},"excerpt":{"rendered":"<p>CATEGORIE BOIS DE CHARPENTE<\/p>\n","protected":false},"featured_media":10592,"template":"","meta":[],"product_cat":[123],"product_tag":[],"acf":[],"yoast_head":"<!-- This site is optimized with the Yoast SEO plugin v21.9 - https:\/\/yoast.com\/wordpress\/plugins\/seo\/ -->\n<title>Volige mi-bois d\u00e9cal\u00e9 16 x 180 utile Sapin\/Epic\u00e9a Trait\u00e9 Cl2 - Les Forestiers Associ\u00e9s<\/title>\n<meta name=\"robots\" content=\"index, follow, max-snippet:-1, max-image-preview:large, max-video-preview:-1\" \/>\n<link rel=\"canonical\" href=\"https:\/\/lesforestiersassocies.fr\/index.php\/produit\/volige-mi-bois-decale-16-x-180-utile-epicea-traite-cl2\/\" \/>\n<meta property=\"og:locale\" content=\"fr_FR\" \/>\n<meta property=\"og:type\" content=\"article\" \/>\n<meta property=\"og:title\" content=\"Volige mi-bois d\u00e9cal\u00e9 16 x 180 utile Sapin\/Epic\u00e9a Trait\u00e9 Cl2 - Les Forestiers Associ\u00e9s\" \/>\n<meta property=\"og:description\" content=\"CATEGORIE BOIS DE CHARPENTE\" \/>\n<meta property=\"og:url\" content=\"https:\/\/lesforestiersassocies.fr\/index.php\/produit\/volige-mi-bois-decale-16-x-180-utile-epicea-traite-cl2\/\" \/>\n<meta property=\"og:site_name\" content=\"Les Forestiers Associ\u00e9s\" \/>\n<meta property=\"article:modified_time\" content=\"2024-03-06T13:40:03+00:00\" \/>\n<meta property=\"og:image\" content=\"https:\/\/lesforestiersassocies.fr\/wp-content\/uploads\/2024\/02\/volige-mi-bois-decale-norsilk.jpg\" \/>\n\t<meta property=\"og:image:width\" content=\"714\" \/>\n\t<meta property=\"og:image:height\" content=\"605\" \/>\n\t<meta property=\"og:image:type\" content=\"image\/jpeg\" \/>\n<meta name=\"twitter:card\" content=\"summary_large_image\" \/>\n<meta name=\"twitter:label1\" content=\"Dur\u00e9e de lecture estim\u00e9e\" \/>\n\t<meta name=\"twitter:data1\" content=\"2 minutes\" \/>\n<script type=\"application\/ld+json\" class=\"yoast-schema-graph\">{\"@context\":\"https:\/\/schema.org\",\"@graph\":[{\"@type\":\"WebPage\",\"@id\":\"https:\/\/lesforestiersassocies.fr\/index.php\/produit\/volige-mi-bois-decale-16-x-180-utile-epicea-traite-cl2\/\",\"url\":\"https:\/\/lesforestiersassocies.fr\/index.php\/produit\/volige-mi-bois-decale-16-x-180-utile-epicea-traite-cl2\/\",\"name\":\"Volige mi-bois d\u00e9cal\u00e9 16 x 180 utile Sapin\/Epic\u00e9a Trait\u00e9 Cl2 - Les Forestiers Associ\u00e9s\",\"isPartOf\":{\"@id\":\"https:\/\/lesforestiersassocies.fr\/#website\"},\"datePublished\":\"2024-02-01T14:16:30+00:00\",\"dateModified\":\"2024-03-06T13:40:03+00:00\",\"breadcrumb\":{\"@id\":\"https:\/\/lesforestiersassocies.fr\/index.php\/produit\/volige-mi-bois-decale-16-x-180-utile-epicea-traite-cl2\/#breadcrumb\"},\"inLanguage\":\"fr-FR\",\"potentialAction\":[{\"@type\":\"ReadAction\",\"target\":[\"https:\/\/lesforestiersassocies.fr\/index.php\/produit\/volige-mi-bois-decale-16-x-180-utile-epicea-traite-cl2\/\"]}]},{\"@type\":\"BreadcrumbList\",\"@id\":\"https:\/\/lesforestiersassocies.fr\/index.php\/produit\/volige-mi-bois-decale-16-x-180-utile-epicea-traite-cl2\/#breadcrumb\",\"itemListElement\":[{\"@type\":\"ListItem\",\"position\":1,\"name\":\"Accueil\",\"item\":\"https:\/\/lesforestiersassocies.fr\/\"},{\"@type\":\"ListItem\",\"position\":2,\"name\":\"Inventory\",\"item\":\"https:\/\/lesforestiersassocies.fr\/index.php\/inventory\/\"},{\"@type\":\"ListItem\",\"position\":3,\"name\":\"Volige mi-bois d\u00e9cal\u00e9 16 x 180 utile Sapin\/Epic\u00e9a Trait\u00e9 Cl2\"}]},{\"@type\":\"WebSite\",\"@id\":\"https:\/\/lesforestiersassocies.fr\/#website\",\"url\":\"https:\/\/lesforestiersassocies.fr\/\",\"name\":\"Les Forestiers Associ\u00e9s\",\"description\":\"Les Forestiers Associ\u00e9s\",\"publisher\":{\"@id\":\"https:\/\/lesforestiersassocies.fr\/#organization\"},\"potentialAction\":[{\"@type\":\"SearchAction\",\"target\":{\"@type\":\"EntryPoint\",\"urlTemplate\":\"https:\/\/lesforestiersassocies.fr\/?s={search_term_string}\"},\"query-input\":\"required name=search_term_string\"}],\"inLanguage\":\"fr-FR\"},{\"@type\":\"Organization\",\"@id\":\"https:\/\/lesforestiersassocies.fr\/#organization\",\"name\":\"Les Forestiers Associ\u00e9s\",\"url\":\"https:\/\/lesforestiersassocies.fr\/\",\"logo\":{\"@type\":\"ImageObject\",\"inLanguage\":\"fr-FR\",\"@id\":\"https:\/\/lesforestiersassocies.fr\/#\/schema\/logo\/image\/\",\"url\":\"http:\/\/lesforestiersassocies.fr\/wp-content\/uploads\/2019\/01\/LFA-Logo.jpg\",\"contentUrl\":\"http:\/\/lesforestiersassocies.fr\/wp-content\/uploads\/2019\/01\/LFA-Logo.jpg\",\"width\":905,\"height\":314,\"caption\":\"Les Forestiers Associ\u00e9s\"},\"image\":{\"@id\":\"https:\/\/lesforestiersassocies.fr\/#\/schema\/logo\/image\/\"}}]}<\/script>\n<!-- \/ Yoast SEO plugin. -->","yoast_head_json":{"title":"Volige mi-bois d\u00e9cal\u00e9 16 x 180 utile Sapin\/Epic\u00e9a Trait\u00e9 Cl2 - Les Forestiers Associ\u00e9s","robots":{"index":"index","follow":"follow","max-snippet":"max-snippet:-1","max-image-preview":"max-image-preview:large","max-video-preview":"max-video-preview:-1"},"canonical":"https:\/\/lesforestiersassocies.fr\/index.php\/produit\/volige-mi-bois-decale-16-x-180-utile-epicea-traite-cl2\/","og_locale":"fr_FR","og_type":"article","og_title":"Volige mi-bois d\u00e9cal\u00e9 16 x 180 utile Sapin\/Epic\u00e9a Trait\u00e9 Cl2 - Les Forestiers Associ\u00e9s","og_description":"CATEGORIE BOIS DE CHARPENTE","og_url":"https:\/\/lesforestiersassocies.fr\/index.php\/produit\/volige-mi-bois-decale-16-x-180-utile-epicea-traite-cl2\/","og_site_name":"Les Forestiers Associ\u00e9s","article_modified_time":"2024-03-06T13:40:03+00:00","og_image":[{"width":714,"height":605,"url":"https:\/\/lesforestiersassocies.fr\/wp-content\/uploads\/2024\/02\/volige-mi-bois-decale-norsilk.jpg","type":"image\/jpeg"}],"twitter_card":"summary_large_image","twitter_misc":{"Dur\u00e9e de lecture estim\u00e9e":"2 minutes"},"schema":{"@context":"https:\/\/schema.org","@graph":[{"@type":"WebPage","@id":"https:\/\/lesforestiersassocies.fr\/index.php\/produit\/volige-mi-bois-decale-16-x-180-utile-epicea-traite-cl2\/","url":"https:\/\/lesforestiersassocies.fr\/index.php\/produit\/volige-mi-bois-decale-16-x-180-utile-epicea-traite-cl2\/","name":"Volige mi-bois d\u00e9cal\u00e9 16 x 180 utile Sapin\/Epic\u00e9a Trait\u00e9 Cl2 - Les Forestiers Associ\u00e9s","isPartOf":{"@id":"https:\/\/lesforestiersassocies.fr\/#website"},"datePublished":"2024-02-01T14:16:30+00:00","dateModified":"2024-03-06T13:40:03+00:00","breadcrumb":{"@id":"https:\/\/lesforestiersassocies.fr\/index.php\/produit\/volige-mi-bois-decale-16-x-180-utile-epicea-traite-cl2\/#breadcrumb"},"inLanguage":"fr-FR","potentialAction":[{"@type":"ReadAction","target":["https:\/\/lesforestiersassocies.fr\/index.php\/produit\/volige-mi-bois-decale-16-x-180-utile-epicea-traite-cl2\/"]}]},{"@type":"BreadcrumbList","@id":"https:\/\/lesforestiersassocies.fr\/index.php\/produit\/volige-mi-bois-decale-16-x-180-utile-epicea-traite-cl2\/#breadcrumb","itemListElement":[{"@type":"ListItem","position":1,"name":"Accueil","item":"https:\/\/lesforestiersassocies.fr\/"},{"@type":"ListItem","position":2,"name":"Inventory","item":"https:\/\/lesforestiersassocies.fr\/index.php\/inventory\/"},{"@type":"ListItem","position":3,"name":"Volige mi-bois d\u00e9cal\u00e9 16 x 180 utile Sapin\/Epic\u00e9a Trait\u00e9 Cl2"}]},{"@type":"WebSite","@id":"https:\/\/lesforestiersassocies.fr\/#website","url":"https:\/\/lesforestiersassocies.fr\/","name":"Les Forestiers Associ\u00e9s","description":"Les Forestiers Associ\u00e9s","publisher":{"@id":"https:\/\/lesforestiersassocies.fr\/#organization"},"potentialAction":[{"@type":"SearchAction","target":{"@type":"EntryPoint","urlTemplate":"https:\/\/lesforestiersassocies.fr\/?s={search_term_string}"},"query-input":"required name=search_term_string"}],"inLanguage":"fr-FR"},{"@type":"Organization","@id":"https:\/\/lesforestiersassocies.fr\/#organization","name":"Les Forestiers Associ\u00e9s","url":"https:\/\/lesforestiersassocies.fr\/","logo":{"@type":"ImageObject","inLanguage":"fr-FR","@id":"https:\/\/lesforestiersassocies.fr\/#\/schema\/logo\/image\/","url":"http:\/\/lesforestiersassocies.fr\/wp-content\/uploads\/2019\/01\/LFA-Logo.jpg","contentUrl":"http:\/\/lesforestiersassocies.fr\/wp-content\/uploads\/2019\/01\/LFA-Logo.jpg","width":905,"height":314,"caption":"Les Forestiers Associ\u00e9s"},"image":{"@id":"https:\/\/lesforestiersassocies.fr\/#\/schema\/logo\/image\/"}}]}},"_links":{"self":[{"href":"https:\/\/lesforestiersassocies.fr\/index.php\/wp-json\/wp\/v2\/product\/10590"}],"collection":[{"href":"https:\/\/lesforestiersassocies.fr\/index.php\/wp-json\/wp\/v2\/product"}],"about":[{"href":"https:\/\/lesforestiersassocies.fr\/index.php\/wp-json\/wp\/v2\/types\/product"}],"wp:featuredmedia":[{"embeddable":true,"href":"https:\/\/lesforestiersassocies.fr\/index.php\/wp-json\/wp\/v2\/media\/10592"}],"wp:attachment":[{"href":"https:\/\/lesforestiersassocies.fr\/index.php\/wp-json\/wp\/v2\/media?parent=10590"}],"wp:term":[{"taxonomy":"product_cat","embeddable":true,"href":"https:\/\/lesforestiersassocies.fr\/index.php\/wp-json\/wp\/v2\/product_cat?post=10590"},{"taxonomy":"product_tag","embeddable":true,"href":"https:\/\/lesforestiersassocies.fr\/index.php\/wp-json\/wp\/v2\/product_tag?post=10590"}],"curies":[{"name":"wp","href":"https:\/\/api.w.org\/{rel}","templated":true}]}}

Volige mi-bois décalé 16 x 180 utile Sapin/Epicéa Traité Cl2

<div class="tw-mb-4">
<p class="tw-text-sm">La volige en sapin blanc du Nord de qualité charpente et traitée classe 2 de Norsilk est une pièce de bois utilisée comme support de matériau de couverture. Adaptée à de nombreux usages, elle convient également pour réaliser des bardages, des faux plafonds, des lambris ou des caissages.<br />
Chaque volige est usinée en feuillure pour être assemblée à mi-bois. Le profil jointif permet de réaliser des joints bord à bord.<br />
La qualité charpente correspond à un bois présentant quelques défauts, sans incidence sur ses performances mécaniques.<br />
Le traitement apporté autorise une utilisation dans les intérieurs avec humidité ambiante élevée occasionnelle.</p>
</div>
<div class="tw-mb-4">
<p><span class="tw-font-weight-600 tw-mb-3 tw-block">Les plus :</span></p>
<p class="tw-leading-relaxed">&#8211; Bois léger et facile à travailler<br />
&#8211; Nombreux usages possibles</p>
</div>
<div class="tw-mb-4">
<p><span class="tw-font-weight-600 tw-mb-3 tw-block">Conseils d’utilisation :</span></p>
<p class="tw-leading-relaxed">&#8211; Utilisée en couverture, la volige se fixe sur les chevrons pour former un plancher continu supportant le matériau de couverture (ardoises, zinc, revêtement étanche). Elle est aussi utilisée comme sous-toiture en complément d&rsquo;isolation<br />
&#8211; Permet également la réalisation de faux plafonds, de bardages, de lambris et de caissages<br />
&#8211; Stocker à plat et à l&rsquo;abri de l&rsquo;humidité</p>
</div>

<!-- This site is optimized with the Yoast SEO plugin v21.9 - https://yoast.com/wordpress/plugins/seo/ -->
<title>Volige mi-bois décalé 16 x 180 utile Sapin/Epicéa Traité Cl2 - Les Forestiers Associés</title>
<meta name="robots" content="index, follow, max-snippet:-1, max-image-preview:large, max-video-preview:-1" />
<link rel="canonical" href="https://lesforestiersassocies.fr/index.php/produit/volige-mi-bois-decale-16-x-180-utile-epicea-traite-cl2/" />
<meta property="og:locale" content="fr_FR" />
<meta property="og:type" content="article" />
<meta property="og:title" content="Volige mi-bois décalé 16 x 180 utile Sapin/Epicéa Traité Cl2 - Les Forestiers Associés" />
<meta property="og:description" content="CATEGORIE BOIS DE CHARPENTE" />
<meta property="og:url" content="https://lesforestiersassocies.fr/index.php/produit/volige-mi-bois-decale-16-x-180-utile-epicea-traite-cl2/" />
<meta property="og:site_name" content="Les Forestiers Associés" />
<meta property="article:modified_time" content="2024-03-06T13:40:03+00:00" />
<meta property="og:image" content="https://lesforestiersassocies.fr/wp-content/uploads/2024/02/volige-mi-bois-decale-norsilk.jpg" />
	<meta property="og:image:width" content="714" />
	<meta property="og:image:height" content="605" />
	<meta property="og:image:type" content="image/jpeg" />
<meta name="twitter:card" content="summary_large_image" />
<meta name="twitter:label1" content="Durée de lecture estimée" />
	<meta name="twitter:data1" content="2 minutes" />
<script type="application/ld+json" class="yoast-schema-graph">{"@context":"https://schema.org","@graph":[{"@type":"WebPage","@id":"https://lesforestiersassocies.fr/index.php/produit/volige-mi-bois-decale-16-x-180-utile-epicea-traite-cl2/","url":"https://lesforestiersassocies.fr/index.php/produit/volige-mi-bois-decale-16-x-180-utile-epicea-traite-cl2/","name":"Volige mi-bois décalé 16 x 180 utile Sapin/Epicéa Traité Cl2 - Les Forestiers Associés","isPartOf":{"@id":"https://lesforestiersassocies.fr/#website"},"datePublished":"2024-02-01T14:16:30+00:00","dateModified":"2024-03-06T13:40:03+00:00","breadcrumb":{"@id":"https://lesforestiersassocies.fr/index.php/produit/volige-mi-bois-decale-16-x-180-utile-epicea-traite-cl2/#breadcrumb"},"inLanguage":"fr-FR","potentialAction":[{"@type":"ReadAction","target":["https://lesforestiersassocies.fr/index.php/produit/volige-mi-bois-decale-16-x-180-utile-epicea-traite-cl2/"]}]},{"@type":"BreadcrumbList","@id":"https://lesforestiersassocies.fr/index.php/produit/volige-mi-bois-decale-16-x-180-utile-epicea-traite-cl2/#breadcrumb","itemListElement":[{"@type":"ListItem","position":1,"name":"Accueil","item":"https://lesforestiersassocies.fr/"},{"@type":"ListItem","position":2,"name":"Inventory","item":"https://lesforestiersassocies.fr/index.php/inventory/"},{"@type":"ListItem","position":3,"name":"Volige mi-bois décalé 16 x 180 utile Sapin/Epicéa Traité Cl2"}]},{"@type":"WebSite","@id":"https://lesforestiersassocies.fr/#website","url":"https://lesforestiersassocies.fr/","name":"Les Forestiers Associés","description":"Les Forestiers Associés","publisher":{"@id":"https://lesforestiersassocies.fr/#organization"},"potentialAction":[{"@type":"SearchAction","target":{"@type":"EntryPoint","urlTemplate":"https://lesforestiersassocies.fr/?s={search_term_string}"},"query-input":"required name=search_term_string"}],"inLanguage":"fr-FR"},{"@type":"Organization","@id":"https://lesforestiersassocies.fr/#organization","name":"Les Forestiers Associés","url":"https://lesforestiersassocies.fr/","logo":{"@type":"ImageObject","inLanguage":"fr-FR","@id":"https://lesforestiersassocies.fr/#/schema/logo/image/","url":"http://lesforestiersassocies.fr/wp-content/uploads/2019/01/LFA-Logo.jpg","contentUrl":"http://lesforestiersassocies.fr/wp-content/uploads/2019/01/LFA-Logo.jpg","width":905,"height":314,"caption":"Les Forestiers Associés"},"image":{"@id":"https://lesforestiersassocies.fr/#/schema/logo/image/"}}]}</script>
<!-- / Yoast SEO plugin. -->

Volige mi-bois décalé 16 x 180 utile Sapin/Epicéa Traité Cl2 - Les Forestiers Associés

Les Forestiers Associés
