{"id":11136,"date":"2024-05-24T11:01:59","date_gmt":"2024-05-24T09:01:59","guid":{"rendered":"http:\/\/lesforestiersassocies.fr\/?post_type=product&#038;p=11136"},"modified":"2024-06-03T11:08:37","modified_gmt":"2024-06-03T09:08:37","slug":"cheville-a-frapper-o5-x-long-25-mm","status":"publish","type":"product","link":"https:\/\/lesforestiersassocies.fr\/index.php\/produit\/cheville-a-frapper-o5-x-long-25-mm\/","title":{"rendered":"Cheville \u00e0 Frapper \u00d85 x Long.25 mm"},"content":{"rendered":"<p class=\"headline-fi fi-text-size-df-48 fi-text-black product-detail-head-fi__name\"><strong>avec collerette plate et clou \u00e0 empreinte pozi en acier \u00e9lectrozingu\u00e9<\/strong><\/p>\n<ul>\n<li>Le montage rapide au marteau permet de gagner du temps : id\u00e9al pour les installations en s\u00e9rie.<\/li>\n<li>Installation simple et s\u00fbre : la but\u00e9e interne \u00e9vite l&rsquo;expansion pr\u00e9matur\u00e9e de la cheville.<\/li>\n<li>D\u00e9montage ult\u00e9rieur du clou possible gr\u00e2ce \u00e0 l&#8217;empreinte cruciforme.<\/li>\n<li>Avec t\u00eate plate pour constructions m\u00e9talliques.<\/li>\n<\/ul>\n","protected":false},"excerpt":{"rendered":"<p>avec collerette plate et clou \u00e0 empreinte pozi en acier [&hellip;]<\/p>\n","protected":false},"featured_media":11566,"template":"","meta":[],"product_cat":[65],"product_tag":[],"acf":[],"yoast_head":"<!-- This site is optimized with the Yoast SEO plugin v21.9 - https:\/\/yoast.com\/wordpress\/plugins\/seo\/ -->\n<title>Cheville \u00e0 Frapper \u00d85 x Long.25 mm - Les Forestiers Associ\u00e9s<\/title>\n<meta name=\"robots\" content=\"index, follow, max-snippet:-1, max-image-preview:large, max-video-preview:-1\" \/>\n<link rel=\"canonical\" href=\"https:\/\/lesforestiersassocies.fr\/index.php\/produit\/cheville-a-frapper-o5-x-long-25-mm\/\" \/>\n<meta property=\"og:locale\" content=\"fr_FR\" \/>\n<meta property=\"og:type\" content=\"article\" \/>\n<meta property=\"og:title\" content=\"Cheville \u00e0 Frapper \u00d85 x Long.25 mm - Les Forestiers Associ\u00e9s\" \/>\n<meta property=\"og:description\" content=\"avec collerette plate et clou \u00e0 empreinte pozi en acier [&hellip;]\" \/>\n<meta property=\"og:url\" content=\"https:\/\/lesforestiersassocies.fr\/index.php\/produit\/cheville-a-frapper-o5-x-long-25-mm\/\" \/>\n<meta property=\"og:site_name\" content=\"Les Forestiers Associ\u00e9s\" \/>\n<meta property=\"article:modified_time\" content=\"2024-06-03T09:08:37+00:00\" \/>\n<meta property=\"og:image\" content=\"https:\/\/lesforestiersassocies.fr\/wp-content\/uploads\/2024\/05\/cheville-a-frapper.jpg\" \/>\n\t<meta property=\"og:image:width\" content=\"533\" \/>\n\t<meta property=\"og:image:height\" content=\"410\" \/>\n\t<meta property=\"og:image:type\" content=\"image\/jpeg\" \/>\n<meta name=\"twitter:card\" content=\"summary_large_image\" \/>\n<meta name=\"twitter:label1\" content=\"Dur\u00e9e de lecture estim\u00e9e\" \/>\n\t<meta name=\"twitter:data1\" content=\"1 minute\" \/>\n<script type=\"application\/ld+json\" class=\"yoast-schema-graph\">{\"@context\":\"https:\/\/schema.org\",\"@graph\":[{\"@type\":\"WebPage\",\"@id\":\"https:\/\/lesforestiersassocies.fr\/index.php\/produit\/cheville-a-frapper-o5-x-long-25-mm\/\",\"url\":\"https:\/\/lesforestiersassocies.fr\/index.php\/produit\/cheville-a-frapper-o5-x-long-25-mm\/\",\"name\":\"Cheville \u00e0 Frapper \u00d85 x Long.25 mm - Les Forestiers Associ\u00e9s\",\"isPartOf\":{\"@id\":\"https:\/\/lesforestiersassocies.fr\/#website\"},\"datePublished\":\"2024-05-24T09:01:59+00:00\",\"dateModified\":\"2024-06-03T09:08:37+00:00\",\"breadcrumb\":{\"@id\":\"https:\/\/lesforestiersassocies.fr\/index.php\/produit\/cheville-a-frapper-o5-x-long-25-mm\/#breadcrumb\"},\"inLanguage\":\"fr-FR\",\"potentialAction\":[{\"@type\":\"ReadAction\",\"target\":[\"https:\/\/lesforestiersassocies.fr\/index.php\/produit\/cheville-a-frapper-o5-x-long-25-mm\/\"]}]},{\"@type\":\"BreadcrumbList\",\"@id\":\"https:\/\/lesforestiersassocies.fr\/index.php\/produit\/cheville-a-frapper-o5-x-long-25-mm\/#breadcrumb\",\"itemListElement\":[{\"@type\":\"ListItem\",\"position\":1,\"name\":\"Accueil\",\"item\":\"https:\/\/lesforestiersassocies.fr\/\"},{\"@type\":\"ListItem\",\"position\":2,\"name\":\"Inventory\",\"item\":\"https:\/\/lesforestiersassocies.fr\/index.php\/inventory\/\"},{\"@type\":\"ListItem\",\"position\":3,\"name\":\"Cheville \u00e0 Frapper \u00d85 x Long.25 mm\"}]},{\"@type\":\"WebSite\",\"@id\":\"https:\/\/lesforestiersassocies.fr\/#website\",\"url\":\"https:\/\/lesforestiersassocies.fr\/\",\"name\":\"Les Forestiers Associ\u00e9s\",\"description\":\"Les Forestiers Associ\u00e9s\",\"publisher\":{\"@id\":\"https:\/\/lesforestiersassocies.fr\/#organization\"},\"potentialAction\":[{\"@type\":\"SearchAction\",\"target\":{\"@type\":\"EntryPoint\",\"urlTemplate\":\"https:\/\/lesforestiersassocies.fr\/?s={search_term_string}\"},\"query-input\":\"required name=search_term_string\"}],\"inLanguage\":\"fr-FR\"},{\"@type\":\"Organization\",\"@id\":\"https:\/\/lesforestiersassocies.fr\/#organization\",\"name\":\"Les Forestiers Associ\u00e9s\",\"url\":\"https:\/\/lesforestiersassocies.fr\/\",\"logo\":{\"@type\":\"ImageObject\",\"inLanguage\":\"fr-FR\",\"@id\":\"https:\/\/lesforestiersassocies.fr\/#\/schema\/logo\/image\/\",\"url\":\"http:\/\/lesforestiersassocies.fr\/wp-content\/uploads\/2019\/01\/LFA-Logo.jpg\",\"contentUrl\":\"http:\/\/lesforestiersassocies.fr\/wp-content\/uploads\/2019\/01\/LFA-Logo.jpg\",\"width\":905,\"height\":314,\"caption\":\"Les Forestiers Associ\u00e9s\"},\"image\":{\"@id\":\"https:\/\/lesforestiersassocies.fr\/#\/schema\/logo\/image\/\"}}]}<\/script>\n<!-- \/ Yoast SEO plugin. -->","yoast_head_json":{"title":"Cheville \u00e0 Frapper \u00d85 x Long.25 mm - Les Forestiers Associ\u00e9s","robots":{"index":"index","follow":"follow","max-snippet":"max-snippet:-1","max-image-preview":"max-image-preview:large","max-video-preview":"max-video-preview:-1"},"canonical":"https:\/\/lesforestiersassocies.fr\/index.php\/produit\/cheville-a-frapper-o5-x-long-25-mm\/","og_locale":"fr_FR","og_type":"article","og_title":"Cheville \u00e0 Frapper \u00d85 x Long.25 mm - Les Forestiers Associ\u00e9s","og_description":"avec collerette plate et clou \u00e0 empreinte pozi en acier [&hellip;]","og_url":"https:\/\/lesforestiersassocies.fr\/index.php\/produit\/cheville-a-frapper-o5-x-long-25-mm\/","og_site_name":"Les Forestiers Associ\u00e9s","article_modified_time":"2024-06-03T09:08:37+00:00","og_image":[{"width":533,"height":410,"url":"https:\/\/lesforestiersassocies.fr\/wp-content\/uploads\/2024\/05\/cheville-a-frapper.jpg","type":"image\/jpeg"}],"twitter_card":"summary_large_image","twitter_misc":{"Dur\u00e9e de lecture estim\u00e9e":"1 minute"},"schema":{"@context":"https:\/\/schema.org","@graph":[{"@type":"WebPage","@id":"https:\/\/lesforestiersassocies.fr\/index.php\/produit\/cheville-a-frapper-o5-x-long-25-mm\/","url":"https:\/\/lesforestiersassocies.fr\/index.php\/produit\/cheville-a-frapper-o5-x-long-25-mm\/","name":"Cheville \u00e0 Frapper \u00d85 x Long.25 mm - Les Forestiers Associ\u00e9s","isPartOf":{"@id":"https:\/\/lesforestiersassocies.fr\/#website"},"datePublished":"2024-05-24T09:01:59+00:00","dateModified":"2024-06-03T09:08:37+00:00","breadcrumb":{"@id":"https:\/\/lesforestiersassocies.fr\/index.php\/produit\/cheville-a-frapper-o5-x-long-25-mm\/#breadcrumb"},"inLanguage":"fr-FR","potentialAction":[{"@type":"ReadAction","target":["https:\/\/lesforestiersassocies.fr\/index.php\/produit\/cheville-a-frapper-o5-x-long-25-mm\/"]}]},{"@type":"BreadcrumbList","@id":"https:\/\/lesforestiersassocies.fr\/index.php\/produit\/cheville-a-frapper-o5-x-long-25-mm\/#breadcrumb","itemListElement":[{"@type":"ListItem","position":1,"name":"Accueil","item":"https:\/\/lesforestiersassocies.fr\/"},{"@type":"ListItem","position":2,"name":"Inventory","item":"https:\/\/lesforestiersassocies.fr\/index.php\/inventory\/"},{"@type":"ListItem","position":3,"name":"Cheville \u00e0 Frapper \u00d85 x Long.25 mm"}]},{"@type":"WebSite","@id":"https:\/\/lesforestiersassocies.fr\/#website","url":"https:\/\/lesforestiersassocies.fr\/","name":"Les Forestiers Associ\u00e9s","description":"Les Forestiers Associ\u00e9s","publisher":{"@id":"https:\/\/lesforestiersassocies.fr\/#organization"},"potentialAction":[{"@type":"SearchAction","target":{"@type":"EntryPoint","urlTemplate":"https:\/\/lesforestiersassocies.fr\/?s={search_term_string}"},"query-input":"required name=search_term_string"}],"inLanguage":"fr-FR"},{"@type":"Organization","@id":"https:\/\/lesforestiersassocies.fr\/#organization","name":"Les Forestiers Associ\u00e9s","url":"https:\/\/lesforestiersassocies.fr\/","logo":{"@type":"ImageObject","inLanguage":"fr-FR","@id":"https:\/\/lesforestiersassocies.fr\/#\/schema\/logo\/image\/","url":"http:\/\/lesforestiersassocies.fr\/wp-content\/uploads\/2019\/01\/LFA-Logo.jpg","contentUrl":"http:\/\/lesforestiersassocies.fr\/wp-content\/uploads\/2019\/01\/LFA-Logo.jpg","width":905,"height":314,"caption":"Les Forestiers Associ\u00e9s"},"image":{"@id":"https:\/\/lesforestiersassocies.fr\/#\/schema\/logo\/image\/"}}]}},"_links":{"self":[{"href":"https:\/\/lesforestiersassocies.fr\/index.php\/wp-json\/wp\/v2\/product\/11136"}],"collection":[{"href":"https:\/\/lesforestiersassocies.fr\/index.php\/wp-json\/wp\/v2\/product"}],"about":[{"href":"https:\/\/lesforestiersassocies.fr\/index.php\/wp-json\/wp\/v2\/types\/product"}],"wp:featuredmedia":[{"embeddable":true,"href":"https:\/\/lesforestiersassocies.fr\/index.php\/wp-json\/wp\/v2\/media\/11566"}],"wp:attachment":[{"href":"https:\/\/lesforestiersassocies.fr\/index.php\/wp-json\/wp\/v2\/media?parent=11136"}],"wp:term":[{"taxonomy":"product_cat","embeddable":true,"href":"https:\/\/lesforestiersassocies.fr\/index.php\/wp-json\/wp\/v2\/product_cat?post=11136"},{"taxonomy":"product_tag","embeddable":true,"href":"https:\/\/lesforestiersassocies.fr\/index.php\/wp-json\/wp\/v2\/product_tag?post=11136"}],"curies":[{"name":"wp","href":"https:\/\/api.w.org\/{rel}","templated":true}]}}

Cheville à Frapper Ø5 x Long.25 mm

<p class="headline-fi fi-text-size-df-48 fi-text-black product-detail-head-fi__name"><strong>avec collerette plate et clou à empreinte pozi en acier électrozingué</strong></p>
<ul>
<li>Le montage rapide au marteau permet de gagner du temps : idéal pour les installations en série.</li>
<li>Installation simple et sûre : la butée interne évite l&rsquo;expansion prématurée de la cheville.</li>
<li>Démontage ultérieur du clou possible grâce à l&#8217;empreinte cruciforme.</li>
<li>Avec tête plate pour constructions métalliques.</li>
</ul>

<p>avec collerette plate et clou à empreinte pozi en acier [&hellip;]</p>

<!-- This site is optimized with the Yoast SEO plugin v21.9 - https://yoast.com/wordpress/plugins/seo/ -->
<title>Cheville à Frapper Ø5 x Long.25 mm - Les Forestiers Associés</title>
<meta name="robots" content="index, follow, max-snippet:-1, max-image-preview:large, max-video-preview:-1" />
<link rel="canonical" href="https://lesforestiersassocies.fr/index.php/produit/cheville-a-frapper-o5-x-long-25-mm/" />
<meta property="og:locale" content="fr_FR" />
<meta property="og:type" content="article" />
<meta property="og:title" content="Cheville à Frapper Ø5 x Long.25 mm - Les Forestiers Associés" />
<meta property="og:description" content="avec collerette plate et clou à empreinte pozi en acier [&hellip;]" />
<meta property="og:url" content="https://lesforestiersassocies.fr/index.php/produit/cheville-a-frapper-o5-x-long-25-mm/" />
<meta property="og:site_name" content="Les Forestiers Associés" />
<meta property="article:modified_time" content="2024-06-03T09:08:37+00:00" />
<meta property="og:image" content="https://lesforestiersassocies.fr/wp-content/uploads/2024/05/cheville-a-frapper.jpg" />
	<meta property="og:image:width" content="533" />
	<meta property="og:image:height" content="410" />
	<meta property="og:image:type" content="image/jpeg" />
<meta name="twitter:card" content="summary_large_image" />
<meta name="twitter:label1" content="Durée de lecture estimée" />
	<meta name="twitter:data1" content="1 minute" />
<script type="application/ld+json" class="yoast-schema-graph">{"@context":"https://schema.org","@graph":[{"@type":"WebPage","@id":"https://lesforestiersassocies.fr/index.php/produit/cheville-a-frapper-o5-x-long-25-mm/","url":"https://lesforestiersassocies.fr/index.php/produit/cheville-a-frapper-o5-x-long-25-mm/","name":"Cheville à Frapper Ø5 x Long.25 mm - Les Forestiers Associés","isPartOf":{"@id":"https://lesforestiersassocies.fr/#website"},"datePublished":"2024-05-24T09:01:59+00:00","dateModified":"2024-06-03T09:08:37+00:00","breadcrumb":{"@id":"https://lesforestiersassocies.fr/index.php/produit/cheville-a-frapper-o5-x-long-25-mm/#breadcrumb"},"inLanguage":"fr-FR","potentialAction":[{"@type":"ReadAction","target":["https://lesforestiersassocies.fr/index.php/produit/cheville-a-frapper-o5-x-long-25-mm/"]}]},{"@type":"BreadcrumbList","@id":"https://lesforestiersassocies.fr/index.php/produit/cheville-a-frapper-o5-x-long-25-mm/#breadcrumb","itemListElement":[{"@type":"ListItem","position":1,"name":"Accueil","item":"https://lesforestiersassocies.fr/"},{"@type":"ListItem","position":2,"name":"Inventory","item":"https://lesforestiersassocies.fr/index.php/inventory/"},{"@type":"ListItem","position":3,"name":"Cheville à Frapper Ø5 x Long.25 mm"}]},{"@type":"WebSite","@id":"https://lesforestiersassocies.fr/#website","url":"https://lesforestiersassocies.fr/","name":"Les Forestiers Associés","description":"Les Forestiers Associés","publisher":{"@id":"https://lesforestiersassocies.fr/#organization"},"potentialAction":[{"@type":"SearchAction","target":{"@type":"EntryPoint","urlTemplate":"https://lesforestiersassocies.fr/?s={search_term_string}"},"query-input":"required name=search_term_string"}],"inLanguage":"fr-FR"},{"@type":"Organization","@id":"https://lesforestiersassocies.fr/#organization","name":"Les Forestiers Associés","url":"https://lesforestiersassocies.fr/","logo":{"@type":"ImageObject","inLanguage":"fr-FR","@id":"https://lesforestiersassocies.fr/#/schema/logo/image/","url":"http://lesforestiersassocies.fr/wp-content/uploads/2019/01/LFA-Logo.jpg","contentUrl":"http://lesforestiersassocies.fr/wp-content/uploads/2019/01/LFA-Logo.jpg","width":905,"height":314,"caption":"Les Forestiers Associés"},"image":{"@id":"https://lesforestiersassocies.fr/#/schema/logo/image/"}}]}</script>
<!-- / Yoast SEO plugin. -->

Cheville à Frapper Ø5 x Long.25 mm - Les Forestiers Associés

avec collerette plate et clou à empreinte pozi en acier [&hellip;]

Les Forestiers Associés
