{"id":11450,"date":"2024-05-28T16:13:56","date_gmt":"2024-05-28T14:13:56","guid":{"rendered":"http:\/\/lesforestiersassocies.fr\/?post_type=product&#038;p=11450"},"modified":"2024-06-04T16:25:09","modified_gmt":"2024-06-04T14:25:09","slug":"cartouche-mastic-blanc-290-ml","status":"publish","type":"product","link":"https:\/\/lesforestiersassocies.fr\/index.php\/produit\/cartouche-mastic-blanc-290-ml\/","title":{"rendered":"Cartouche Mastic Blanc 290 ml"},"content":{"rendered":"<div class=\"column small-12 large-12 article_description_longue_2 article_accroche\"><span class=\"article_accroche_contenu\">Mastic MS polym\u00e8re de fixation hautes performances multimat\u00e9riaux.<\/span><\/div>\n<div class=\"column small-12 large-12 article_description_courte more\">Id\u00e9al pour le collage en vertical d\u2019\u00e9l\u00e9ments lourds.<br \/>\nSa prise initiale (\u201dtack\u201d) tr\u00e8s \u00e9lev\u00e9e permet un maintien imm\u00e9diat d<span class=\"morecontent\"><span class=\"morecontent\">es \u00e9l\u00e9ments \u00e0 fixer.<br \/>\nIl est particuli\u00e8rement adapt\u00e9 au collage de panneaux, parements,<br \/>\nmiroirs lourds ou encore \u00e0 la fixation de rails pour plaques de pl\u00e2tre sur carrelage, b\u00e9ton ou sol chauffant.<\/span><\/span>Compatible avec tous les mat\u00e9riaux :<br \/>\nbrique, b\u00e9ton, pierre naturelle, miroir, fer, acier, aluminium, zinc,<br \/>\nmati\u00e8res synth\u00e9tiques, bois, agglom\u00e9r\u00e9, li\u00e8ge, c\u00e9ramique, PVC.<br \/>\nAdh\u00e8re sur supports humides non ruisselants.<\/p>\n<p>Usage int\u00e9rieur \/ ext\u00e9rieur.<br \/>\nPeut \u00eatre peint apr\u00e8s compl\u00e8te polym\u00e9risation.<\/p>\n<\/div>\n","protected":false},"excerpt":{"rendered":"<p>Mastic MS polym\u00e8re de fixation hautes performances multimat\u00e9riaux. Id\u00e9al pour [&hellip;]<\/p>\n","protected":false},"featured_media":11451,"template":"","meta":[],"product_cat":[65],"product_tag":[],"acf":[],"yoast_head":"<!-- This site is optimized with the Yoast SEO plugin v21.9 - https:\/\/yoast.com\/wordpress\/plugins\/seo\/ -->\n<title>Cartouche Mastic Blanc 290 ml - Les Forestiers Associ\u00e9s<\/title>\n<meta name=\"robots\" content=\"index, follow, max-snippet:-1, max-image-preview:large, max-video-preview:-1\" \/>\n<link rel=\"canonical\" href=\"https:\/\/lesforestiersassocies.fr\/index.php\/produit\/cartouche-mastic-blanc-290-ml\/\" \/>\n<meta property=\"og:locale\" content=\"fr_FR\" \/>\n<meta property=\"og:type\" content=\"article\" \/>\n<meta property=\"og:title\" content=\"Cartouche Mastic Blanc 290 ml - Les Forestiers Associ\u00e9s\" \/>\n<meta property=\"og:description\" content=\"Mastic MS polym\u00e8re de fixation hautes performances multimat\u00e9riaux. Id\u00e9al pour [&hellip;]\" \/>\n<meta property=\"og:url\" content=\"https:\/\/lesforestiersassocies.fr\/index.php\/produit\/cartouche-mastic-blanc-290-ml\/\" \/>\n<meta property=\"og:site_name\" content=\"Les Forestiers Associ\u00e9s\" \/>\n<meta property=\"article:modified_time\" content=\"2024-06-04T14:25:09+00:00\" \/>\n<meta property=\"og:image\" content=\"https:\/\/lesforestiersassocies.fr\/wp-content\/uploads\/2024\/05\/Cartouche-PU-MSP108-Blanc.png\" \/>\n\t<meta property=\"og:image:width\" content=\"425\" \/>\n\t<meta property=\"og:image:height\" content=\"505\" \/>\n\t<meta property=\"og:image:type\" content=\"image\/png\" \/>\n<meta name=\"twitter:card\" content=\"summary_large_image\" \/>\n<meta name=\"twitter:label1\" content=\"Dur\u00e9e de lecture estim\u00e9e\" \/>\n\t<meta name=\"twitter:data1\" content=\"1 minute\" \/>\n<script type=\"application\/ld+json\" class=\"yoast-schema-graph\">{\"@context\":\"https:\/\/schema.org\",\"@graph\":[{\"@type\":\"WebPage\",\"@id\":\"https:\/\/lesforestiersassocies.fr\/index.php\/produit\/cartouche-mastic-blanc-290-ml\/\",\"url\":\"https:\/\/lesforestiersassocies.fr\/index.php\/produit\/cartouche-mastic-blanc-290-ml\/\",\"name\":\"Cartouche Mastic Blanc 290 ml - Les Forestiers Associ\u00e9s\",\"isPartOf\":{\"@id\":\"https:\/\/lesforestiersassocies.fr\/#website\"},\"datePublished\":\"2024-05-28T14:13:56+00:00\",\"dateModified\":\"2024-06-04T14:25:09+00:00\",\"breadcrumb\":{\"@id\":\"https:\/\/lesforestiersassocies.fr\/index.php\/produit\/cartouche-mastic-blanc-290-ml\/#breadcrumb\"},\"inLanguage\":\"fr-FR\",\"potentialAction\":[{\"@type\":\"ReadAction\",\"target\":[\"https:\/\/lesforestiersassocies.fr\/index.php\/produit\/cartouche-mastic-blanc-290-ml\/\"]}]},{\"@type\":\"BreadcrumbList\",\"@id\":\"https:\/\/lesforestiersassocies.fr\/index.php\/produit\/cartouche-mastic-blanc-290-ml\/#breadcrumb\",\"itemListElement\":[{\"@type\":\"ListItem\",\"position\":1,\"name\":\"Accueil\",\"item\":\"https:\/\/lesforestiersassocies.fr\/\"},{\"@type\":\"ListItem\",\"position\":2,\"name\":\"Inventory\",\"item\":\"https:\/\/lesforestiersassocies.fr\/index.php\/inventory\/\"},{\"@type\":\"ListItem\",\"position\":3,\"name\":\"Cartouche Mastic Blanc 290 ml\"}]},{\"@type\":\"WebSite\",\"@id\":\"https:\/\/lesforestiersassocies.fr\/#website\",\"url\":\"https:\/\/lesforestiersassocies.fr\/\",\"name\":\"Les Forestiers Associ\u00e9s\",\"description\":\"Les Forestiers Associ\u00e9s\",\"publisher\":{\"@id\":\"https:\/\/lesforestiersassocies.fr\/#organization\"},\"potentialAction\":[{\"@type\":\"SearchAction\",\"target\":{\"@type\":\"EntryPoint\",\"urlTemplate\":\"https:\/\/lesforestiersassocies.fr\/?s={search_term_string}\"},\"query-input\":\"required name=search_term_string\"}],\"inLanguage\":\"fr-FR\"},{\"@type\":\"Organization\",\"@id\":\"https:\/\/lesforestiersassocies.fr\/#organization\",\"name\":\"Les Forestiers Associ\u00e9s\",\"url\":\"https:\/\/lesforestiersassocies.fr\/\",\"logo\":{\"@type\":\"ImageObject\",\"inLanguage\":\"fr-FR\",\"@id\":\"https:\/\/lesforestiersassocies.fr\/#\/schema\/logo\/image\/\",\"url\":\"http:\/\/lesforestiersassocies.fr\/wp-content\/uploads\/2019\/01\/LFA-Logo.jpg\",\"contentUrl\":\"http:\/\/lesforestiersassocies.fr\/wp-content\/uploads\/2019\/01\/LFA-Logo.jpg\",\"width\":905,\"height\":314,\"caption\":\"Les Forestiers Associ\u00e9s\"},\"image\":{\"@id\":\"https:\/\/lesforestiersassocies.fr\/#\/schema\/logo\/image\/\"}}]}<\/script>\n<!-- \/ Yoast SEO plugin. -->","yoast_head_json":{"title":"Cartouche Mastic Blanc 290 ml - Les Forestiers Associ\u00e9s","robots":{"index":"index","follow":"follow","max-snippet":"max-snippet:-1","max-image-preview":"max-image-preview:large","max-video-preview":"max-video-preview:-1"},"canonical":"https:\/\/lesforestiersassocies.fr\/index.php\/produit\/cartouche-mastic-blanc-290-ml\/","og_locale":"fr_FR","og_type":"article","og_title":"Cartouche Mastic Blanc 290 ml - Les Forestiers Associ\u00e9s","og_description":"Mastic MS polym\u00e8re de fixation hautes performances multimat\u00e9riaux. Id\u00e9al pour [&hellip;]","og_url":"https:\/\/lesforestiersassocies.fr\/index.php\/produit\/cartouche-mastic-blanc-290-ml\/","og_site_name":"Les Forestiers Associ\u00e9s","article_modified_time":"2024-06-04T14:25:09+00:00","og_image":[{"width":425,"height":505,"url":"https:\/\/lesforestiersassocies.fr\/wp-content\/uploads\/2024\/05\/Cartouche-PU-MSP108-Blanc.png","type":"image\/png"}],"twitter_card":"summary_large_image","twitter_misc":{"Dur\u00e9e de lecture estim\u00e9e":"1 minute"},"schema":{"@context":"https:\/\/schema.org","@graph":[{"@type":"WebPage","@id":"https:\/\/lesforestiersassocies.fr\/index.php\/produit\/cartouche-mastic-blanc-290-ml\/","url":"https:\/\/lesforestiersassocies.fr\/index.php\/produit\/cartouche-mastic-blanc-290-ml\/","name":"Cartouche Mastic Blanc 290 ml - Les Forestiers Associ\u00e9s","isPartOf":{"@id":"https:\/\/lesforestiersassocies.fr\/#website"},"datePublished":"2024-05-28T14:13:56+00:00","dateModified":"2024-06-04T14:25:09+00:00","breadcrumb":{"@id":"https:\/\/lesforestiersassocies.fr\/index.php\/produit\/cartouche-mastic-blanc-290-ml\/#breadcrumb"},"inLanguage":"fr-FR","potentialAction":[{"@type":"ReadAction","target":["https:\/\/lesforestiersassocies.fr\/index.php\/produit\/cartouche-mastic-blanc-290-ml\/"]}]},{"@type":"BreadcrumbList","@id":"https:\/\/lesforestiersassocies.fr\/index.php\/produit\/cartouche-mastic-blanc-290-ml\/#breadcrumb","itemListElement":[{"@type":"ListItem","position":1,"name":"Accueil","item":"https:\/\/lesforestiersassocies.fr\/"},{"@type":"ListItem","position":2,"name":"Inventory","item":"https:\/\/lesforestiersassocies.fr\/index.php\/inventory\/"},{"@type":"ListItem","position":3,"name":"Cartouche Mastic Blanc 290 ml"}]},{"@type":"WebSite","@id":"https:\/\/lesforestiersassocies.fr\/#website","url":"https:\/\/lesforestiersassocies.fr\/","name":"Les Forestiers Associ\u00e9s","description":"Les Forestiers Associ\u00e9s","publisher":{"@id":"https:\/\/lesforestiersassocies.fr\/#organization"},"potentialAction":[{"@type":"SearchAction","target":{"@type":"EntryPoint","urlTemplate":"https:\/\/lesforestiersassocies.fr\/?s={search_term_string}"},"query-input":"required name=search_term_string"}],"inLanguage":"fr-FR"},{"@type":"Organization","@id":"https:\/\/lesforestiersassocies.fr\/#organization","name":"Les Forestiers Associ\u00e9s","url":"https:\/\/lesforestiersassocies.fr\/","logo":{"@type":"ImageObject","inLanguage":"fr-FR","@id":"https:\/\/lesforestiersassocies.fr\/#\/schema\/logo\/image\/","url":"http:\/\/lesforestiersassocies.fr\/wp-content\/uploads\/2019\/01\/LFA-Logo.jpg","contentUrl":"http:\/\/lesforestiersassocies.fr\/wp-content\/uploads\/2019\/01\/LFA-Logo.jpg","width":905,"height":314,"caption":"Les Forestiers Associ\u00e9s"},"image":{"@id":"https:\/\/lesforestiersassocies.fr\/#\/schema\/logo\/image\/"}}]}},"_links":{"self":[{"href":"https:\/\/lesforestiersassocies.fr\/index.php\/wp-json\/wp\/v2\/product\/11450"}],"collection":[{"href":"https:\/\/lesforestiersassocies.fr\/index.php\/wp-json\/wp\/v2\/product"}],"about":[{"href":"https:\/\/lesforestiersassocies.fr\/index.php\/wp-json\/wp\/v2\/types\/product"}],"wp:featuredmedia":[{"embeddable":true,"href":"https:\/\/lesforestiersassocies.fr\/index.php\/wp-json\/wp\/v2\/media\/11451"}],"wp:attachment":[{"href":"https:\/\/lesforestiersassocies.fr\/index.php\/wp-json\/wp\/v2\/media?parent=11450"}],"wp:term":[{"taxonomy":"product_cat","embeddable":true,"href":"https:\/\/lesforestiersassocies.fr\/index.php\/wp-json\/wp\/v2\/product_cat?post=11450"},{"taxonomy":"product_tag","embeddable":true,"href":"https:\/\/lesforestiersassocies.fr\/index.php\/wp-json\/wp\/v2\/product_tag?post=11450"}],"curies":[{"name":"wp","href":"https:\/\/api.w.org\/{rel}","templated":true}]}}

<div class="column small-12 large-12 article_description_longue_2 article_accroche"><span class="article_accroche_contenu">Mastic MS polymère de fixation hautes performances multimatériaux.</span></div>
<div class="column small-12 large-12 article_description_courte more">Idéal pour le collage en vertical d’éléments lourds.<br />
Sa prise initiale (”tack”) très élevée permet un maintien immédiat d<span class="morecontent"><span class="morecontent">es éléments à fixer.<br />
Il est particulièrement adapté au collage de panneaux, parements,<br />
miroirs lourds ou encore à la fixation de rails pour plaques de plâtre sur carrelage, béton ou sol chauffant.</span></span>Compatible avec tous les matériaux :<br />
brique, béton, pierre naturelle, miroir, fer, acier, aluminium, zinc,<br />
matières synthétiques, bois, aggloméré, liège, céramique, PVC.<br />
Adhère sur supports humides non ruisselants.</p>
<p>Usage intérieur / extérieur.<br />
Peut être peint après complète polymérisation.</p>
</div>

<p>Mastic MS polymère de fixation hautes performances multimatériaux. Idéal pour [&hellip;]</p>

<!-- This site is optimized with the Yoast SEO plugin v21.9 - https://yoast.com/wordpress/plugins/seo/ -->
<title>Cartouche Mastic Blanc 290 ml - Les Forestiers Associés</title>
<meta name="robots" content="index, follow, max-snippet:-1, max-image-preview:large, max-video-preview:-1" />
<link rel="canonical" href="https://lesforestiersassocies.fr/index.php/produit/cartouche-mastic-blanc-290-ml/" />
<meta property="og:locale" content="fr_FR" />
<meta property="og:type" content="article" />
<meta property="og:title" content="Cartouche Mastic Blanc 290 ml - Les Forestiers Associés" />
<meta property="og:description" content="Mastic MS polymère de fixation hautes performances multimatériaux. Idéal pour [&hellip;]" />
<meta property="og:url" content="https://lesforestiersassocies.fr/index.php/produit/cartouche-mastic-blanc-290-ml/" />
<meta property="og:site_name" content="Les Forestiers Associés" />
<meta property="article:modified_time" content="2024-06-04T14:25:09+00:00" />
<meta property="og:image" content="https://lesforestiersassocies.fr/wp-content/uploads/2024/05/Cartouche-PU-MSP108-Blanc.png" />
	<meta property="og:image:width" content="425" />
	<meta property="og:image:height" content="505" />
	<meta property="og:image:type" content="image/png" />
<meta name="twitter:card" content="summary_large_image" />
<meta name="twitter:label1" content="Durée de lecture estimée" />
	<meta name="twitter:data1" content="1 minute" />
<script type="application/ld+json" class="yoast-schema-graph">{"@context":"https://schema.org","@graph":[{"@type":"WebPage","@id":"https://lesforestiersassocies.fr/index.php/produit/cartouche-mastic-blanc-290-ml/","url":"https://lesforestiersassocies.fr/index.php/produit/cartouche-mastic-blanc-290-ml/","name":"Cartouche Mastic Blanc 290 ml - Les Forestiers Associés","isPartOf":{"@id":"https://lesforestiersassocies.fr/#website"},"datePublished":"2024-05-28T14:13:56+00:00","dateModified":"2024-06-04T14:25:09+00:00","breadcrumb":{"@id":"https://lesforestiersassocies.fr/index.php/produit/cartouche-mastic-blanc-290-ml/#breadcrumb"},"inLanguage":"fr-FR","potentialAction":[{"@type":"ReadAction","target":["https://lesforestiersassocies.fr/index.php/produit/cartouche-mastic-blanc-290-ml/"]}]},{"@type":"BreadcrumbList","@id":"https://lesforestiersassocies.fr/index.php/produit/cartouche-mastic-blanc-290-ml/#breadcrumb","itemListElement":[{"@type":"ListItem","position":1,"name":"Accueil","item":"https://lesforestiersassocies.fr/"},{"@type":"ListItem","position":2,"name":"Inventory","item":"https://lesforestiersassocies.fr/index.php/inventory/"},{"@type":"ListItem","position":3,"name":"Cartouche Mastic Blanc 290 ml"}]},{"@type":"WebSite","@id":"https://lesforestiersassocies.fr/#website","url":"https://lesforestiersassocies.fr/","name":"Les Forestiers Associés","description":"Les Forestiers Associés","publisher":{"@id":"https://lesforestiersassocies.fr/#organization"},"potentialAction":[{"@type":"SearchAction","target":{"@type":"EntryPoint","urlTemplate":"https://lesforestiersassocies.fr/?s={search_term_string}"},"query-input":"required name=search_term_string"}],"inLanguage":"fr-FR"},{"@type":"Organization","@id":"https://lesforestiersassocies.fr/#organization","name":"Les Forestiers Associés","url":"https://lesforestiersassocies.fr/","logo":{"@type":"ImageObject","inLanguage":"fr-FR","@id":"https://lesforestiersassocies.fr/#/schema/logo/image/","url":"http://lesforestiersassocies.fr/wp-content/uploads/2019/01/LFA-Logo.jpg","contentUrl":"http://lesforestiersassocies.fr/wp-content/uploads/2019/01/LFA-Logo.jpg","width":905,"height":314,"caption":"Les Forestiers Associés"},"image":{"@id":"https://lesforestiersassocies.fr/#/schema/logo/image/"}}]}</script>
<!-- / Yoast SEO plugin. -->

Cartouche Mastic Blanc 290 ml - Les Forestiers Associés

Mastic MS polymère de fixation hautes performances multimatériaux. Idéal pour [&hellip;]

Les Forestiers Associés
