{"id":11470,"date":"2024-05-28T16:56:27","date_gmt":"2024-05-28T14:56:27","guid":{"rendered":"http:\/\/lesforestiersassocies.fr\/?post_type=product&#038;p=11470"},"modified":"2024-06-04T16:47:40","modified_gmt":"2024-06-04T14:47:40","slug":"graisse-marine-karzhan-aerosol-400-ml","status":"publish","type":"product","link":"https:\/\/lesforestiersassocies.fr\/index.php\/produit\/graisse-marine-karzhan-aerosol-400-ml\/","title":{"rendered":"Graisse marine KARZHAN A\u00e9rosol 400 ml"},"content":{"rendered":"<div class=\"column small-12 large-12 article_description_longue_2 article_accroche\">\n<div class=\"column small-12 large-12 article_description_longue_2 article_accroche\">\n<div class=\"column small-12 large-12 article_description_longue_2 article_accroche\">\n<p>Aerosol Graisse marine 400 ml<\/p>\n<p>\u279f Graisse Water Proof \u279f Excellente adh\u00e9rence aux pi\u00e8ces m\u00e9talliques \u279f Compatibilit\u00e9 multi-supports<\/p>\n<p>GRAISSE MARINE R\u00e9siste \u00e0 l\u2019eau et \u00e0 la vapeur.<\/p>\n<p>Multifonctions.<\/p>\n<p>Adapt\u00e9e au milieu marin et aux industries hydrauliques.<\/p>\n<p>La graisse marine KARZHAN est \u00e0 base de graisse de type butyreuse ambr\u00e9e lithique ( Water Proof ).<\/p>\n<p>Insoluble \u00e0 l\u2019eau de mer&#8230; ce qui permet l\u2019utilisation sur le mat\u00e9riel fonctionnant dans l\u2019eau, la boue, les intemp\u00e9ries.<\/p>\n<p>Plage d\u2019utilisation : &#8211; 20\u00b0C \u00e0 + 150\u00b0C.<\/p>\n<p>Tr\u00e8s bonne adh\u00e9rence sur le m\u00e9tal.<\/p>\n<p>Excellente protection contre la corrosion.<\/p>\n<p>Propri\u00e9t\u00e9 anti-usure. Etanche. Protection stockage longue dur\u00e9e.<\/p>\n<p>R\u00e9sistance aux pressions \u00e9lev\u00e9es et \u00e0 l\u2019usure.<\/p>\n<p>Compatible avec les joints en caoutchouc, Nylon, T\u00e9flon, silicone, n\u00e9opr\u00e8ne,&#8230;<\/p>\n<\/div>\n<\/div>\n<\/div>\n","protected":false},"excerpt":{"rendered":"<p>Aerosol Graisse marine 400 ml \u279f Graisse Water Proof \u279f [&hellip;]<\/p>\n","protected":false},"featured_media":11471,"template":"","meta":[],"product_cat":[65],"product_tag":[],"acf":[],"yoast_head":"<!-- This site is optimized with the Yoast SEO plugin v21.9 - https:\/\/yoast.com\/wordpress\/plugins\/seo\/ -->\n<title>Graisse marine KARZHAN A\u00e9rosol 400 ml - Les Forestiers Associ\u00e9s<\/title>\n<meta name=\"robots\" content=\"index, follow, max-snippet:-1, max-image-preview:large, max-video-preview:-1\" \/>\n<link rel=\"canonical\" href=\"https:\/\/lesforestiersassocies.fr\/index.php\/produit\/graisse-marine-karzhan-aerosol-400-ml\/\" \/>\n<meta property=\"og:locale\" content=\"fr_FR\" \/>\n<meta property=\"og:type\" content=\"article\" \/>\n<meta property=\"og:title\" content=\"Graisse marine KARZHAN A\u00e9rosol 400 ml - Les Forestiers Associ\u00e9s\" \/>\n<meta property=\"og:description\" content=\"Aerosol Graisse marine 400 ml \u279f Graisse Water Proof \u279f [&hellip;]\" \/>\n<meta property=\"og:url\" content=\"https:\/\/lesforestiersassocies.fr\/index.php\/produit\/graisse-marine-karzhan-aerosol-400-ml\/\" \/>\n<meta property=\"og:site_name\" content=\"Les Forestiers Associ\u00e9s\" \/>\n<meta property=\"article:modified_time\" content=\"2024-06-04T14:47:40+00:00\" \/>\n<meta property=\"og:image\" content=\"https:\/\/lesforestiersassocies.fr\/wp-content\/uploads\/2024\/05\/Graisse-marine-Karzhan.png\" \/>\n\t<meta property=\"og:image:width\" content=\"421\" \/>\n\t<meta property=\"og:image:height\" content=\"375\" \/>\n\t<meta property=\"og:image:type\" content=\"image\/png\" \/>\n<meta name=\"twitter:card\" content=\"summary_large_image\" \/>\n<meta name=\"twitter:label1\" content=\"Dur\u00e9e de lecture estim\u00e9e\" \/>\n\t<meta name=\"twitter:data1\" content=\"1 minute\" \/>\n<script type=\"application\/ld+json\" class=\"yoast-schema-graph\">{\"@context\":\"https:\/\/schema.org\",\"@graph\":[{\"@type\":\"WebPage\",\"@id\":\"https:\/\/lesforestiersassocies.fr\/index.php\/produit\/graisse-marine-karzhan-aerosol-400-ml\/\",\"url\":\"https:\/\/lesforestiersassocies.fr\/index.php\/produit\/graisse-marine-karzhan-aerosol-400-ml\/\",\"name\":\"Graisse marine KARZHAN A\u00e9rosol 400 ml - Les Forestiers Associ\u00e9s\",\"isPartOf\":{\"@id\":\"https:\/\/lesforestiersassocies.fr\/#website\"},\"datePublished\":\"2024-05-28T14:56:27+00:00\",\"dateModified\":\"2024-06-04T14:47:40+00:00\",\"breadcrumb\":{\"@id\":\"https:\/\/lesforestiersassocies.fr\/index.php\/produit\/graisse-marine-karzhan-aerosol-400-ml\/#breadcrumb\"},\"inLanguage\":\"fr-FR\",\"potentialAction\":[{\"@type\":\"ReadAction\",\"target\":[\"https:\/\/lesforestiersassocies.fr\/index.php\/produit\/graisse-marine-karzhan-aerosol-400-ml\/\"]}]},{\"@type\":\"BreadcrumbList\",\"@id\":\"https:\/\/lesforestiersassocies.fr\/index.php\/produit\/graisse-marine-karzhan-aerosol-400-ml\/#breadcrumb\",\"itemListElement\":[{\"@type\":\"ListItem\",\"position\":1,\"name\":\"Accueil\",\"item\":\"https:\/\/lesforestiersassocies.fr\/\"},{\"@type\":\"ListItem\",\"position\":2,\"name\":\"Inventory\",\"item\":\"https:\/\/lesforestiersassocies.fr\/index.php\/inventory\/\"},{\"@type\":\"ListItem\",\"position\":3,\"name\":\"Graisse marine KARZHAN A\u00e9rosol 400 ml\"}]},{\"@type\":\"WebSite\",\"@id\":\"https:\/\/lesforestiersassocies.fr\/#website\",\"url\":\"https:\/\/lesforestiersassocies.fr\/\",\"name\":\"Les Forestiers Associ\u00e9s\",\"description\":\"Les Forestiers Associ\u00e9s\",\"publisher\":{\"@id\":\"https:\/\/lesforestiersassocies.fr\/#organization\"},\"potentialAction\":[{\"@type\":\"SearchAction\",\"target\":{\"@type\":\"EntryPoint\",\"urlTemplate\":\"https:\/\/lesforestiersassocies.fr\/?s={search_term_string}\"},\"query-input\":\"required name=search_term_string\"}],\"inLanguage\":\"fr-FR\"},{\"@type\":\"Organization\",\"@id\":\"https:\/\/lesforestiersassocies.fr\/#organization\",\"name\":\"Les Forestiers Associ\u00e9s\",\"url\":\"https:\/\/lesforestiersassocies.fr\/\",\"logo\":{\"@type\":\"ImageObject\",\"inLanguage\":\"fr-FR\",\"@id\":\"https:\/\/lesforestiersassocies.fr\/#\/schema\/logo\/image\/\",\"url\":\"http:\/\/lesforestiersassocies.fr\/wp-content\/uploads\/2019\/01\/LFA-Logo.jpg\",\"contentUrl\":\"http:\/\/lesforestiersassocies.fr\/wp-content\/uploads\/2019\/01\/LFA-Logo.jpg\",\"width\":905,\"height\":314,\"caption\":\"Les Forestiers Associ\u00e9s\"},\"image\":{\"@id\":\"https:\/\/lesforestiersassocies.fr\/#\/schema\/logo\/image\/\"}}]}<\/script>\n<!-- \/ Yoast SEO plugin. -->","yoast_head_json":{"title":"Graisse marine KARZHAN A\u00e9rosol 400 ml - Les Forestiers Associ\u00e9s","robots":{"index":"index","follow":"follow","max-snippet":"max-snippet:-1","max-image-preview":"max-image-preview:large","max-video-preview":"max-video-preview:-1"},"canonical":"https:\/\/lesforestiersassocies.fr\/index.php\/produit\/graisse-marine-karzhan-aerosol-400-ml\/","og_locale":"fr_FR","og_type":"article","og_title":"Graisse marine KARZHAN A\u00e9rosol 400 ml - Les Forestiers Associ\u00e9s","og_description":"Aerosol Graisse marine 400 ml \u279f Graisse Water Proof \u279f [&hellip;]","og_url":"https:\/\/lesforestiersassocies.fr\/index.php\/produit\/graisse-marine-karzhan-aerosol-400-ml\/","og_site_name":"Les Forestiers Associ\u00e9s","article_modified_time":"2024-06-04T14:47:40+00:00","og_image":[{"width":421,"height":375,"url":"https:\/\/lesforestiersassocies.fr\/wp-content\/uploads\/2024\/05\/Graisse-marine-Karzhan.png","type":"image\/png"}],"twitter_card":"summary_large_image","twitter_misc":{"Dur\u00e9e de lecture estim\u00e9e":"1 minute"},"schema":{"@context":"https:\/\/schema.org","@graph":[{"@type":"WebPage","@id":"https:\/\/lesforestiersassocies.fr\/index.php\/produit\/graisse-marine-karzhan-aerosol-400-ml\/","url":"https:\/\/lesforestiersassocies.fr\/index.php\/produit\/graisse-marine-karzhan-aerosol-400-ml\/","name":"Graisse marine KARZHAN A\u00e9rosol 400 ml - Les Forestiers Associ\u00e9s","isPartOf":{"@id":"https:\/\/lesforestiersassocies.fr\/#website"},"datePublished":"2024-05-28T14:56:27+00:00","dateModified":"2024-06-04T14:47:40+00:00","breadcrumb":{"@id":"https:\/\/lesforestiersassocies.fr\/index.php\/produit\/graisse-marine-karzhan-aerosol-400-ml\/#breadcrumb"},"inLanguage":"fr-FR","potentialAction":[{"@type":"ReadAction","target":["https:\/\/lesforestiersassocies.fr\/index.php\/produit\/graisse-marine-karzhan-aerosol-400-ml\/"]}]},{"@type":"BreadcrumbList","@id":"https:\/\/lesforestiersassocies.fr\/index.php\/produit\/graisse-marine-karzhan-aerosol-400-ml\/#breadcrumb","itemListElement":[{"@type":"ListItem","position":1,"name":"Accueil","item":"https:\/\/lesforestiersassocies.fr\/"},{"@type":"ListItem","position":2,"name":"Inventory","item":"https:\/\/lesforestiersassocies.fr\/index.php\/inventory\/"},{"@type":"ListItem","position":3,"name":"Graisse marine KARZHAN A\u00e9rosol 400 ml"}]},{"@type":"WebSite","@id":"https:\/\/lesforestiersassocies.fr\/#website","url":"https:\/\/lesforestiersassocies.fr\/","name":"Les Forestiers Associ\u00e9s","description":"Les Forestiers Associ\u00e9s","publisher":{"@id":"https:\/\/lesforestiersassocies.fr\/#organization"},"potentialAction":[{"@type":"SearchAction","target":{"@type":"EntryPoint","urlTemplate":"https:\/\/lesforestiersassocies.fr\/?s={search_term_string}"},"query-input":"required name=search_term_string"}],"inLanguage":"fr-FR"},{"@type":"Organization","@id":"https:\/\/lesforestiersassocies.fr\/#organization","name":"Les Forestiers Associ\u00e9s","url":"https:\/\/lesforestiersassocies.fr\/","logo":{"@type":"ImageObject","inLanguage":"fr-FR","@id":"https:\/\/lesforestiersassocies.fr\/#\/schema\/logo\/image\/","url":"http:\/\/lesforestiersassocies.fr\/wp-content\/uploads\/2019\/01\/LFA-Logo.jpg","contentUrl":"http:\/\/lesforestiersassocies.fr\/wp-content\/uploads\/2019\/01\/LFA-Logo.jpg","width":905,"height":314,"caption":"Les Forestiers Associ\u00e9s"},"image":{"@id":"https:\/\/lesforestiersassocies.fr\/#\/schema\/logo\/image\/"}}]}},"_links":{"self":[{"href":"https:\/\/lesforestiersassocies.fr\/index.php\/wp-json\/wp\/v2\/product\/11470"}],"collection":[{"href":"https:\/\/lesforestiersassocies.fr\/index.php\/wp-json\/wp\/v2\/product"}],"about":[{"href":"https:\/\/lesforestiersassocies.fr\/index.php\/wp-json\/wp\/v2\/types\/product"}],"wp:featuredmedia":[{"embeddable":true,"href":"https:\/\/lesforestiersassocies.fr\/index.php\/wp-json\/wp\/v2\/media\/11471"}],"wp:attachment":[{"href":"https:\/\/lesforestiersassocies.fr\/index.php\/wp-json\/wp\/v2\/media?parent=11470"}],"wp:term":[{"taxonomy":"product_cat","embeddable":true,"href":"https:\/\/lesforestiersassocies.fr\/index.php\/wp-json\/wp\/v2\/product_cat?post=11470"},{"taxonomy":"product_tag","embeddable":true,"href":"https:\/\/lesforestiersassocies.fr\/index.php\/wp-json\/wp\/v2\/product_tag?post=11470"}],"curies":[{"name":"wp","href":"https:\/\/api.w.org\/{rel}","templated":true}]}}