{"id":11876,"date":"2024-07-05T08:23:02","date_gmt":"2024-07-05T06:23:02","guid":{"rendered":"http:\/\/lesforestiersassocies.fr\/?post_type=product&#038;p=11876"},"modified":"2024-07-05T08:23:02","modified_gmt":"2024-07-05T06:23:02","slug":"ponceuse-excentrique-18v-12000-trs-min-125-mm-diametre-dorbite-52mm-gamme-v20","status":"publish","type":"product","link":"https:\/\/lesforestiersassocies.fr\/index.php\/produit\/ponceuse-excentrique-18v-12000-trs-min-125-mm-diametre-dorbite-52mm-gamme-v20\/","title":{"rendered":"Ponceuse excentrique &#8211; 18V &#8211; 12000 trs\/min, 125 mm, Diam\u00e8tre d&rsquo;orbite 5,2mm &#8211; Gamme V20"},"content":{"rendered":"<ul class=\"feature-ul\">\n<li class=\"feature-list-li\">Performance : 12 000 trs\/min pour travailler efficacement.<\/li>\n<li class=\"feature-list-li\">Collecte efficace de la poussi\u00e8re : sac \u00e0 poussi\u00e8re : un nouveau design qui am\u00e9liore le flux d\u2019air et la collecte de la poussi\u00e8re. Raccord pour l\u2019aspiration qui permet de brancher diff\u00e9rents aspirateurs.<\/li>\n<li class=\"feature-list-li\">2 zones grip avec surmoulage : travailler \u00e0 l\u2019horizontale et \u00e0 la verticale confortablement.<\/li>\n<\/ul>\n<p>PLATEFORME SANS FIL 18V STANLEY\u00ae FATMAX\u00ae V20 : Une batterie pour tous vos outils de bricolage et d\u2019entretien des espaces ext\u00e9rieurs. La ponceuse excentrique V20 SFMCW220D1S-QW est un outil \u00e9lectrique puissant et performant, id\u00e9al pour les travaux de pon\u00e7age dans le bois. Avec une vitesse allant jusqu&rsquo;\u00e0 12 000 trs\/min, cette ponceuse vous permettra de travailler rapidement et efficacement. Elle est \u00e9quip\u00e9e d&rsquo;un plateau de 125 mm, parfait pour les travaux de pon\u00e7age sur les surfaces planes et courbes. L&rsquo;amplitude d&rsquo;oscillation de 5,2mm permet un pon\u00e7age homog\u00e8ne et r\u00e9gulier, tandis que les vibrations de seulement 5,7 m\/s\u00b2 assurent un grand confort d&rsquo;utilisation. La ponceuse est \u00e9galement dot\u00e9e d&rsquo;un sac collecteur de poussi\u00e8res, qui am\u00e9liore le flux d&rsquo;air et la collection des poussi\u00e8res pour un environnement de travail plus propre. Le raccord pour l&rsquo;aspiration permet de brancher diff\u00e9rents aspirateurs pour une meilleure collecte des poussi\u00e8res. Le design ergonomique de la ponceuse offre un grand confort d&rsquo;utilisation, avec deux zones grip avec surmoulage pour travailler confortablement \u00e0 l&rsquo;horizontale et \u00e0 la verticale. L&rsquo;interrupteur rocker herm\u00e9tique \u00e0 la poussi\u00e8re assure une grande durabilit\u00e9 de la machine. La ponceuse excentrique SFMCW220D1S-QW est livr\u00e9e avec 1 abrasif, 1 batterie V20 2Ah, 1 chargeur 2A, en sac souple de transport. La ponceuse excentrique SFMCW220D1S-QW est puissante et performante pour les travaux de pon\u00e7age dans le bois. Avec sa vitesse de 12 000 trs\/min, son sac collecteur de poussi\u00e8res et son design ergonomique, elle vous permettra de travailler rapidement et efficacement, tout en obtenant des r\u00e9sultats impeccables.<\/p>\n<ul class=\"additional-feature-ul\">\n<li class=\"additional-feature-list-li\">Interrupteur rocker \u00e9tanche \u00e0 la poussi\u00e8re : pour plus de durabilit\u00e9.<\/li>\n<li class=\"coh-list-item\">Pon\u00e7age de tous les mat\u00e9riaux<\/li>\n<li class=\"coh-list-item\">Enl\u00e8vement de mati\u00e8re important<\/li>\n<li class=\"coh-list-item\">Pon\u00e7age des surfaces planes avant de peindre ou de vernir<\/li>\n<\/ul>\n<h2 class=\"coh-heading title coh-style-h1---default\">Inclus<\/h2>\n<ul class=\"coh-list-container coh-unordered-list\">\n<li class=\"coh-list-item\">(1) Abrasif<\/li>\n<li class=\"coh-list-item\">(1) Batterie 2Ah<\/li>\n<li class=\"coh-list-item\">(1) Chargeur 2A<\/li>\n<li class=\"coh-list-item\">(1) Sac souple<\/li>\n<\/ul>\n<p><strong>Garantie limit\u00e9e de 1 an, garantie limit\u00e9e de 3 ans \u00e0 l&rsquo;enregistrement<\/strong><\/p>\n<div class=\"pdp-warranties-desc\">\n<p><strong>Nous sommes convaincus de la qualit\u00e9 de nos produits et nous r\u00e9parerons, sans frais, tout d\u00e9faut d\u00fb \u00e0 un vice de mat\u00e9riau ou de fabrication dans le cadre de la garantie sp\u00e9cifi\u00e9e.<\/strong><\/p>\n<\/div>\n<p>&nbsp;<\/p>\n","protected":false},"excerpt":{"rendered":"<p>Performance : 12 000 trs\/min pour travailler efficacement. Collecte efficace [&hellip;]<\/p>\n","protected":false},"featured_media":11877,"template":"","meta":[],"product_cat":[131],"product_tag":[],"acf":[],"yoast_head":"<!-- This site is optimized with the Yoast SEO plugin v21.9 - https:\/\/yoast.com\/wordpress\/plugins\/seo\/ -->\n<title>Ponceuse excentrique - 18V - 12000 trs\/min, 125 mm, Diam\u00e8tre d&#039;orbite 5,2mm - Gamme V20 - Les Forestiers Associ\u00e9s<\/title>\n<meta name=\"robots\" content=\"index, follow, max-snippet:-1, max-image-preview:large, max-video-preview:-1\" \/>\n<link rel=\"canonical\" href=\"https:\/\/lesforestiersassocies.fr\/index.php\/produit\/ponceuse-excentrique-18v-12000-trs-min-125-mm-diametre-dorbite-52mm-gamme-v20\/\" \/>\n<meta property=\"og:locale\" content=\"fr_FR\" \/>\n<meta property=\"og:type\" content=\"article\" \/>\n<meta property=\"og:title\" content=\"Ponceuse excentrique - 18V - 12000 trs\/min, 125 mm, Diam\u00e8tre d&#039;orbite 5,2mm - Gamme V20 - Les Forestiers Associ\u00e9s\" \/>\n<meta property=\"og:description\" content=\"Performance : 12 000 trs\/min pour travailler efficacement. Collecte efficace [&hellip;]\" \/>\n<meta property=\"og:url\" content=\"https:\/\/lesforestiersassocies.fr\/index.php\/produit\/ponceuse-excentrique-18v-12000-trs-min-125-mm-diametre-dorbite-52mm-gamme-v20\/\" \/>\n<meta property=\"og:site_name\" content=\"Les Forestiers Associ\u00e9s\" \/>\n<meta property=\"og:image\" content=\"https:\/\/lesforestiersassocies.fr\/wp-content\/uploads\/2024\/06\/SFMCW220D15-QW.jpg\" \/>\n\t<meta property=\"og:image:width\" content=\"831\" \/>\n\t<meta property=\"og:image:height\" content=\"801\" \/>\n\t<meta property=\"og:image:type\" content=\"image\/jpeg\" \/>\n<meta name=\"twitter:card\" content=\"summary_large_image\" \/>\n<meta name=\"twitter:label1\" content=\"Dur\u00e9e de lecture estim\u00e9e\" \/>\n\t<meta name=\"twitter:data1\" content=\"3 minutes\" \/>\n<script type=\"application\/ld+json\" class=\"yoast-schema-graph\">{\"@context\":\"https:\/\/schema.org\",\"@graph\":[{\"@type\":\"WebPage\",\"@id\":\"https:\/\/lesforestiersassocies.fr\/index.php\/produit\/ponceuse-excentrique-18v-12000-trs-min-125-mm-diametre-dorbite-52mm-gamme-v20\/\",\"url\":\"https:\/\/lesforestiersassocies.fr\/index.php\/produit\/ponceuse-excentrique-18v-12000-trs-min-125-mm-diametre-dorbite-52mm-gamme-v20\/\",\"name\":\"Ponceuse excentrique - 18V - 12000 trs\/min, 125 mm, Diam\u00e8tre d'orbite 5,2mm - Gamme V20 - Les Forestiers Associ\u00e9s\",\"isPartOf\":{\"@id\":\"https:\/\/lesforestiersassocies.fr\/#website\"},\"datePublished\":\"2024-07-05T06:23:02+00:00\",\"dateModified\":\"2024-07-05T06:23:02+00:00\",\"breadcrumb\":{\"@id\":\"https:\/\/lesforestiersassocies.fr\/index.php\/produit\/ponceuse-excentrique-18v-12000-trs-min-125-mm-diametre-dorbite-52mm-gamme-v20\/#breadcrumb\"},\"inLanguage\":\"fr-FR\",\"potentialAction\":[{\"@type\":\"ReadAction\",\"target\":[\"https:\/\/lesforestiersassocies.fr\/index.php\/produit\/ponceuse-excentrique-18v-12000-trs-min-125-mm-diametre-dorbite-52mm-gamme-v20\/\"]}]},{\"@type\":\"BreadcrumbList\",\"@id\":\"https:\/\/lesforestiersassocies.fr\/index.php\/produit\/ponceuse-excentrique-18v-12000-trs-min-125-mm-diametre-dorbite-52mm-gamme-v20\/#breadcrumb\",\"itemListElement\":[{\"@type\":\"ListItem\",\"position\":1,\"name\":\"Accueil\",\"item\":\"https:\/\/lesforestiersassocies.fr\/\"},{\"@type\":\"ListItem\",\"position\":2,\"name\":\"Inventory\",\"item\":\"https:\/\/lesforestiersassocies.fr\/index.php\/inventory\/\"},{\"@type\":\"ListItem\",\"position\":3,\"name\":\"Ponceuse excentrique &#8211; 18V &#8211; 12000 trs\/min, 125 mm, Diam\u00e8tre d&rsquo;orbite 5,2mm &#8211; Gamme V20\"}]},{\"@type\":\"WebSite\",\"@id\":\"https:\/\/lesforestiersassocies.fr\/#website\",\"url\":\"https:\/\/lesforestiersassocies.fr\/\",\"name\":\"Les Forestiers Associ\u00e9s\",\"description\":\"Les Forestiers Associ\u00e9s\",\"publisher\":{\"@id\":\"https:\/\/lesforestiersassocies.fr\/#organization\"},\"potentialAction\":[{\"@type\":\"SearchAction\",\"target\":{\"@type\":\"EntryPoint\",\"urlTemplate\":\"https:\/\/lesforestiersassocies.fr\/?s={search_term_string}\"},\"query-input\":\"required name=search_term_string\"}],\"inLanguage\":\"fr-FR\"},{\"@type\":\"Organization\",\"@id\":\"https:\/\/lesforestiersassocies.fr\/#organization\",\"name\":\"Les Forestiers Associ\u00e9s\",\"url\":\"https:\/\/lesforestiersassocies.fr\/\",\"logo\":{\"@type\":\"ImageObject\",\"inLanguage\":\"fr-FR\",\"@id\":\"https:\/\/lesforestiersassocies.fr\/#\/schema\/logo\/image\/\",\"url\":\"http:\/\/lesforestiersassocies.fr\/wp-content\/uploads\/2019\/01\/LFA-Logo.jpg\",\"contentUrl\":\"http:\/\/lesforestiersassocies.fr\/wp-content\/uploads\/2019\/01\/LFA-Logo.jpg\",\"width\":905,\"height\":314,\"caption\":\"Les Forestiers Associ\u00e9s\"},\"image\":{\"@id\":\"https:\/\/lesforestiersassocies.fr\/#\/schema\/logo\/image\/\"}}]}<\/script>\n<!-- \/ Yoast SEO plugin. -->","yoast_head_json":{"title":"Ponceuse excentrique - 18V - 12000 trs\/min, 125 mm, Diam\u00e8tre d'orbite 5,2mm - Gamme V20 - Les Forestiers Associ\u00e9s","robots":{"index":"index","follow":"follow","max-snippet":"max-snippet:-1","max-image-preview":"max-image-preview:large","max-video-preview":"max-video-preview:-1"},"canonical":"https:\/\/lesforestiersassocies.fr\/index.php\/produit\/ponceuse-excentrique-18v-12000-trs-min-125-mm-diametre-dorbite-52mm-gamme-v20\/","og_locale":"fr_FR","og_type":"article","og_title":"Ponceuse excentrique - 18V - 12000 trs\/min, 125 mm, Diam\u00e8tre d'orbite 5,2mm - Gamme V20 - Les Forestiers Associ\u00e9s","og_description":"Performance : 12 000 trs\/min pour travailler efficacement. Collecte efficace [&hellip;]","og_url":"https:\/\/lesforestiersassocies.fr\/index.php\/produit\/ponceuse-excentrique-18v-12000-trs-min-125-mm-diametre-dorbite-52mm-gamme-v20\/","og_site_name":"Les Forestiers Associ\u00e9s","og_image":[{"width":831,"height":801,"url":"https:\/\/lesforestiersassocies.fr\/wp-content\/uploads\/2024\/06\/SFMCW220D15-QW.jpg","type":"image\/jpeg"}],"twitter_card":"summary_large_image","twitter_misc":{"Dur\u00e9e de lecture estim\u00e9e":"3 minutes"},"schema":{"@context":"https:\/\/schema.org","@graph":[{"@type":"WebPage","@id":"https:\/\/lesforestiersassocies.fr\/index.php\/produit\/ponceuse-excentrique-18v-12000-trs-min-125-mm-diametre-dorbite-52mm-gamme-v20\/","url":"https:\/\/lesforestiersassocies.fr\/index.php\/produit\/ponceuse-excentrique-18v-12000-trs-min-125-mm-diametre-dorbite-52mm-gamme-v20\/","name":"Ponceuse excentrique - 18V - 12000 trs\/min, 125 mm, Diam\u00e8tre d'orbite 5,2mm - Gamme V20 - Les Forestiers Associ\u00e9s","isPartOf":{"@id":"https:\/\/lesforestiersassocies.fr\/#website"},"datePublished":"2024-07-05T06:23:02+00:00","dateModified":"2024-07-05T06:23:02+00:00","breadcrumb":{"@id":"https:\/\/lesforestiersassocies.fr\/index.php\/produit\/ponceuse-excentrique-18v-12000-trs-min-125-mm-diametre-dorbite-52mm-gamme-v20\/#breadcrumb"},"inLanguage":"fr-FR","potentialAction":[{"@type":"ReadAction","target":["https:\/\/lesforestiersassocies.fr\/index.php\/produit\/ponceuse-excentrique-18v-12000-trs-min-125-mm-diametre-dorbite-52mm-gamme-v20\/"]}]},{"@type":"BreadcrumbList","@id":"https:\/\/lesforestiersassocies.fr\/index.php\/produit\/ponceuse-excentrique-18v-12000-trs-min-125-mm-diametre-dorbite-52mm-gamme-v20\/#breadcrumb","itemListElement":[{"@type":"ListItem","position":1,"name":"Accueil","item":"https:\/\/lesforestiersassocies.fr\/"},{"@type":"ListItem","position":2,"name":"Inventory","item":"https:\/\/lesforestiersassocies.fr\/index.php\/inventory\/"},{"@type":"ListItem","position":3,"name":"Ponceuse excentrique &#8211; 18V &#8211; 12000 trs\/min, 125 mm, Diam\u00e8tre d&rsquo;orbite 5,2mm &#8211; Gamme V20"}]},{"@type":"WebSite","@id":"https:\/\/lesforestiersassocies.fr\/#website","url":"https:\/\/lesforestiersassocies.fr\/","name":"Les Forestiers Associ\u00e9s","description":"Les Forestiers Associ\u00e9s","publisher":{"@id":"https:\/\/lesforestiersassocies.fr\/#organization"},"potentialAction":[{"@type":"SearchAction","target":{"@type":"EntryPoint","urlTemplate":"https:\/\/lesforestiersassocies.fr\/?s={search_term_string}"},"query-input":"required name=search_term_string"}],"inLanguage":"fr-FR"},{"@type":"Organization","@id":"https:\/\/lesforestiersassocies.fr\/#organization","name":"Les Forestiers Associ\u00e9s","url":"https:\/\/lesforestiersassocies.fr\/","logo":{"@type":"ImageObject","inLanguage":"fr-FR","@id":"https:\/\/lesforestiersassocies.fr\/#\/schema\/logo\/image\/","url":"http:\/\/lesforestiersassocies.fr\/wp-content\/uploads\/2019\/01\/LFA-Logo.jpg","contentUrl":"http:\/\/lesforestiersassocies.fr\/wp-content\/uploads\/2019\/01\/LFA-Logo.jpg","width":905,"height":314,"caption":"Les Forestiers Associ\u00e9s"},"image":{"@id":"https:\/\/lesforestiersassocies.fr\/#\/schema\/logo\/image\/"}}]}},"_links":{"self":[{"href":"https:\/\/lesforestiersassocies.fr\/index.php\/wp-json\/wp\/v2\/product\/11876"}],"collection":[{"href":"https:\/\/lesforestiersassocies.fr\/index.php\/wp-json\/wp\/v2\/product"}],"about":[{"href":"https:\/\/lesforestiersassocies.fr\/index.php\/wp-json\/wp\/v2\/types\/product"}],"wp:featuredmedia":[{"embeddable":true,"href":"https:\/\/lesforestiersassocies.fr\/index.php\/wp-json\/wp\/v2\/media\/11877"}],"wp:attachment":[{"href":"https:\/\/lesforestiersassocies.fr\/index.php\/wp-json\/wp\/v2\/media?parent=11876"}],"wp:term":[{"taxonomy":"product_cat","embeddable":true,"href":"https:\/\/lesforestiersassocies.fr\/index.php\/wp-json\/wp\/v2\/product_cat?post=11876"},{"taxonomy":"product_tag","embeddable":true,"href":"https:\/\/lesforestiersassocies.fr\/index.php\/wp-json\/wp\/v2\/product_tag?post=11876"}],"curies":[{"name":"wp","href":"https:\/\/api.w.org\/{rel}","templated":true}]}}