{"id":11878,"date":"2024-07-05T08:23:58","date_gmt":"2024-07-05T06:23:58","guid":{"rendered":"http:\/\/lesforestiersassocies.fr\/?post_type=product&#038;p=11878"},"modified":"2024-07-05T08:26:33","modified_gmt":"2024-07-05T06:26:33","slug":"perceuse-visseuse-brushless-80nm-18v-15-reglages-de-couple-gamme-v20","status":"publish","type":"product","link":"https:\/\/lesforestiersassocies.fr\/index.php\/produit\/perceuse-visseuse-brushless-80nm-18v-15-reglages-de-couple-gamme-v20\/","title":{"rendered":"Perceuse Visseuse BRUSHLESS 80Nm &#8211; 18V &#8211; 15 r\u00e9glages de couple &#8211; Gamme V20"},"content":{"rendered":"<ul class=\"feature-ul\">\n<li class=\"feature-list-li\">Machine puissante pour des ex\u00e9cutions rapides et efficaces : couple de 80 Nm, 2 vitesses jusqu\u2019\u00e0 2100 trs\/min.<\/li>\n<li class=\"feature-list-li\">Design plus ergonomique : angles plus arrondis pour \u00e9viter les chocs \/ accros et facilitants une meilleure fluidit\u00e9 dans les mouvements.<\/li>\n<li class=\"feature-list-li\">Grand confort d\u2019usage : mandrin m\u00e9tal 13 mm, rev\u00eatement soft grip, voyant LED pour \u00e9clairer efficacement la zone de travail, indicateur de charge embarqu\u00e9 sur la batterie.<\/li>\n<\/ul>\n<p>PLATEFORME SANS FIL 18V STANLEY\u00ae FATMAX\u00ae V20 : Une batterie pour tous vos outils de bricolage et d\u2019entretien des espaces ext\u00e9rieurs. La perceuse visseuse SFMCD720D2K-QW de la gamme V20 de STANLEY FATMAX est un outil de qualit\u00e9 professionnelle con\u00e7u pour les travaux les plus exigeants. Elle est \u00e9quip\u00e9e d&rsquo;un moteur BRUSHLESS, derni\u00e8re technologie en mati\u00e8re de moteur, qui offre une puissance am\u00e9lior\u00e9e et une autonomie prolong\u00e9e. Avec un couple de 80 Nm et deux vitesses allant jusqu&rsquo;\u00e0 2100 trs\/min, cette perceuse visseuse permet une ex\u00e9cution rapide et efficace de tous vos travaux. La capacit\u00e9 de per\u00e7age est de 40 mm pour le bois et 13 mm pour le m\u00e9tal. Le design ergonomique de cette perceuse visseuse offre des angles plus arrondis pour \u00e9viter les chocs et accros, facilitant ainsi une meilleure fluidit\u00e9 dans les mouvements. Elle est \u00e9galement \u00e9quip\u00e9e d&rsquo;un mandrin m\u00e9tal 1 main de 13 mm, d&rsquo;un rev\u00eatement soft grip pour un confort d&rsquo;utilisation optimal, d&rsquo;une lampe LED pour une meilleure visibilit\u00e9 et d&rsquo;un indicateur de charge embarqu\u00e9 sur la batterie pour une utilisation sans interruption. En termes de durabilit\u00e9, la SFMCD720D2K-QW est \u00e9quip\u00e9e d&rsquo;un moteur BRUSHLESS avec une dur\u00e9e de vie accrue. Elle fait partie de la gamme sans fil 18V de STANLEY FATMAX et est livr\u00e9e avec 2 batteries 18V 2Ah, 1 chargeur 2A, en mallette de transport. Avec un mandrin 1 main de 13 mm, son couple de 80 Nm et ses 15 r\u00e9glages de couple, cette perceuse visseuse est un outil de choix pour tous les travaux de per\u00e7age et de vissage.<\/p>\n<ul class=\"additional-feature-ul\">\n<li class=\"additional-feature-list-li\">Moteur Brushless, derni\u00e8re technologie en mati\u00e8re de moteur : machine plus compacte, plus de performance, plus d\u2019autonomie, dur\u00e9e de vie accrue.<\/li>\n<li class=\"coh-list-item\">Per\u00e7age des m\u00e9taux ferreux et non ferreux pour l&rsquo;assemblage<\/li>\n<li class=\"coh-list-item\">Per\u00e7age, assemblage et installation de boitier de controle&#8230;<\/li>\n<li class=\"coh-list-item\">Installation de salle de bain<\/li>\n<li class=\"coh-list-item\">Installation de cadres en bois\/PVC, per\u00e7age de trous et applications de vissage<\/li>\n<li class=\"coh-list-item\">Assemblage g\u00e9n\u00e9ral et installation<\/li>\n<li class=\"coh-list-item\">Premi\u00e8re fixation<\/li>\n<li class=\"coh-list-item\">Per\u00e7age de trous de d\u00e9gagement et de trous pilotes dans le bois<\/li>\n<\/ul>\n<h2 class=\"coh-heading title coh-style-h1---default\">Inclus<\/h2>\n<ul class=\"coh-list-container coh-unordered-list\">\n<li class=\"coh-list-item\">(1) Coffret<\/li>\n<li class=\"coh-list-item\">(2) Batteries Li-Ion 2,0 Ah<\/li>\n<li class=\"coh-list-item\">(1) Chargeur 2 A 60 minutes<\/li>\n<\/ul>\n<p><strong>Garantie limit\u00e9e de 1 an, garantie limit\u00e9e de 3 ans \u00e0 l&rsquo;enregistrement<\/strong><\/p>\n<div class=\"pdp-warranties-desc\">\n<p><strong>Nous sommes convaincus de la qualit\u00e9 de nos produits et nous r\u00e9parerons, sans frais, tout d\u00e9faut d\u00fb \u00e0 un vice de mat\u00e9riau ou de fabrication dans le cadre de la garantie sp\u00e9cifi\u00e9e.<\/strong><\/p>\n<\/div>\n","protected":false},"excerpt":{"rendered":"<p>Machine puissante pour des ex\u00e9cutions rapides et efficaces : couple [&hellip;]<\/p>\n","protected":false},"featured_media":11879,"template":"","meta":[],"product_cat":[131],"product_tag":[],"acf":[],"yoast_head":"<!-- This site is optimized with the Yoast SEO plugin v21.9 - https:\/\/yoast.com\/wordpress\/plugins\/seo\/ -->\n<title>Perceuse Visseuse BRUSHLESS 80Nm - 18V - 15 r\u00e9glages de couple - Gamme V20 - Les Forestiers Associ\u00e9s<\/title>\n<meta name=\"robots\" content=\"index, follow, max-snippet:-1, max-image-preview:large, max-video-preview:-1\" \/>\n<link rel=\"canonical\" href=\"https:\/\/lesforestiersassocies.fr\/index.php\/produit\/perceuse-visseuse-brushless-80nm-18v-15-reglages-de-couple-gamme-v20\/\" \/>\n<meta property=\"og:locale\" content=\"fr_FR\" \/>\n<meta property=\"og:type\" content=\"article\" \/>\n<meta property=\"og:title\" content=\"Perceuse Visseuse BRUSHLESS 80Nm - 18V - 15 r\u00e9glages de couple - Gamme V20 - Les Forestiers Associ\u00e9s\" \/>\n<meta property=\"og:description\" content=\"Machine puissante pour des ex\u00e9cutions rapides et efficaces : couple [&hellip;]\" \/>\n<meta property=\"og:url\" content=\"https:\/\/lesforestiersassocies.fr\/index.php\/produit\/perceuse-visseuse-brushless-80nm-18v-15-reglages-de-couple-gamme-v20\/\" \/>\n<meta property=\"og:site_name\" content=\"Les Forestiers Associ\u00e9s\" \/>\n<meta property=\"article:modified_time\" content=\"2024-07-05T06:26:33+00:00\" \/>\n<meta property=\"og:image\" content=\"https:\/\/lesforestiersassocies.fr\/wp-content\/uploads\/2024\/06\/SFMCD720D2K-QW.jpg\" \/>\n\t<meta property=\"og:image:width\" content=\"832\" \/>\n\t<meta property=\"og:image:height\" content=\"751\" \/>\n\t<meta property=\"og:image:type\" content=\"image\/jpeg\" \/>\n<meta name=\"twitter:card\" content=\"summary_large_image\" \/>\n<meta name=\"twitter:label1\" content=\"Dur\u00e9e de lecture estim\u00e9e\" \/>\n\t<meta name=\"twitter:data1\" content=\"3 minutes\" \/>\n<script type=\"application\/ld+json\" class=\"yoast-schema-graph\">{\"@context\":\"https:\/\/schema.org\",\"@graph\":[{\"@type\":\"WebPage\",\"@id\":\"https:\/\/lesforestiersassocies.fr\/index.php\/produit\/perceuse-visseuse-brushless-80nm-18v-15-reglages-de-couple-gamme-v20\/\",\"url\":\"https:\/\/lesforestiersassocies.fr\/index.php\/produit\/perceuse-visseuse-brushless-80nm-18v-15-reglages-de-couple-gamme-v20\/\",\"name\":\"Perceuse Visseuse BRUSHLESS 80Nm - 18V - 15 r\u00e9glages de couple - Gamme V20 - Les Forestiers Associ\u00e9s\",\"isPartOf\":{\"@id\":\"https:\/\/lesforestiersassocies.fr\/#website\"},\"datePublished\":\"2024-07-05T06:23:58+00:00\",\"dateModified\":\"2024-07-05T06:26:33+00:00\",\"breadcrumb\":{\"@id\":\"https:\/\/lesforestiersassocies.fr\/index.php\/produit\/perceuse-visseuse-brushless-80nm-18v-15-reglages-de-couple-gamme-v20\/#breadcrumb\"},\"inLanguage\":\"fr-FR\",\"potentialAction\":[{\"@type\":\"ReadAction\",\"target\":[\"https:\/\/lesforestiersassocies.fr\/index.php\/produit\/perceuse-visseuse-brushless-80nm-18v-15-reglages-de-couple-gamme-v20\/\"]}]},{\"@type\":\"BreadcrumbList\",\"@id\":\"https:\/\/lesforestiersassocies.fr\/index.php\/produit\/perceuse-visseuse-brushless-80nm-18v-15-reglages-de-couple-gamme-v20\/#breadcrumb\",\"itemListElement\":[{\"@type\":\"ListItem\",\"position\":1,\"name\":\"Accueil\",\"item\":\"https:\/\/lesforestiersassocies.fr\/\"},{\"@type\":\"ListItem\",\"position\":2,\"name\":\"Inventory\",\"item\":\"https:\/\/lesforestiersassocies.fr\/index.php\/inventory\/\"},{\"@type\":\"ListItem\",\"position\":3,\"name\":\"Perceuse Visseuse BRUSHLESS 80Nm &#8211; 18V &#8211; 15 r\u00e9glages de couple &#8211; Gamme V20\"}]},{\"@type\":\"WebSite\",\"@id\":\"https:\/\/lesforestiersassocies.fr\/#website\",\"url\":\"https:\/\/lesforestiersassocies.fr\/\",\"name\":\"Les Forestiers Associ\u00e9s\",\"description\":\"Les Forestiers Associ\u00e9s\",\"publisher\":{\"@id\":\"https:\/\/lesforestiersassocies.fr\/#organization\"},\"potentialAction\":[{\"@type\":\"SearchAction\",\"target\":{\"@type\":\"EntryPoint\",\"urlTemplate\":\"https:\/\/lesforestiersassocies.fr\/?s={search_term_string}\"},\"query-input\":\"required name=search_term_string\"}],\"inLanguage\":\"fr-FR\"},{\"@type\":\"Organization\",\"@id\":\"https:\/\/lesforestiersassocies.fr\/#organization\",\"name\":\"Les Forestiers Associ\u00e9s\",\"url\":\"https:\/\/lesforestiersassocies.fr\/\",\"logo\":{\"@type\":\"ImageObject\",\"inLanguage\":\"fr-FR\",\"@id\":\"https:\/\/lesforestiersassocies.fr\/#\/schema\/logo\/image\/\",\"url\":\"http:\/\/lesforestiersassocies.fr\/wp-content\/uploads\/2019\/01\/LFA-Logo.jpg\",\"contentUrl\":\"http:\/\/lesforestiersassocies.fr\/wp-content\/uploads\/2019\/01\/LFA-Logo.jpg\",\"width\":905,\"height\":314,\"caption\":\"Les Forestiers Associ\u00e9s\"},\"image\":{\"@id\":\"https:\/\/lesforestiersassocies.fr\/#\/schema\/logo\/image\/\"}}]}<\/script>\n<!-- \/ Yoast SEO plugin. -->","yoast_head_json":{"title":"Perceuse Visseuse BRUSHLESS 80Nm - 18V - 15 r\u00e9glages de couple - Gamme V20 - Les Forestiers Associ\u00e9s","robots":{"index":"index","follow":"follow","max-snippet":"max-snippet:-1","max-image-preview":"max-image-preview:large","max-video-preview":"max-video-preview:-1"},"canonical":"https:\/\/lesforestiersassocies.fr\/index.php\/produit\/perceuse-visseuse-brushless-80nm-18v-15-reglages-de-couple-gamme-v20\/","og_locale":"fr_FR","og_type":"article","og_title":"Perceuse Visseuse BRUSHLESS 80Nm - 18V - 15 r\u00e9glages de couple - Gamme V20 - Les Forestiers Associ\u00e9s","og_description":"Machine puissante pour des ex\u00e9cutions rapides et efficaces : couple [&hellip;]","og_url":"https:\/\/lesforestiersassocies.fr\/index.php\/produit\/perceuse-visseuse-brushless-80nm-18v-15-reglages-de-couple-gamme-v20\/","og_site_name":"Les Forestiers Associ\u00e9s","article_modified_time":"2024-07-05T06:26:33+00:00","og_image":[{"width":832,"height":751,"url":"https:\/\/lesforestiersassocies.fr\/wp-content\/uploads\/2024\/06\/SFMCD720D2K-QW.jpg","type":"image\/jpeg"}],"twitter_card":"summary_large_image","twitter_misc":{"Dur\u00e9e de lecture estim\u00e9e":"3 minutes"},"schema":{"@context":"https:\/\/schema.org","@graph":[{"@type":"WebPage","@id":"https:\/\/lesforestiersassocies.fr\/index.php\/produit\/perceuse-visseuse-brushless-80nm-18v-15-reglages-de-couple-gamme-v20\/","url":"https:\/\/lesforestiersassocies.fr\/index.php\/produit\/perceuse-visseuse-brushless-80nm-18v-15-reglages-de-couple-gamme-v20\/","name":"Perceuse Visseuse BRUSHLESS 80Nm - 18V - 15 r\u00e9glages de couple - Gamme V20 - Les Forestiers Associ\u00e9s","isPartOf":{"@id":"https:\/\/lesforestiersassocies.fr\/#website"},"datePublished":"2024-07-05T06:23:58+00:00","dateModified":"2024-07-05T06:26:33+00:00","breadcrumb":{"@id":"https:\/\/lesforestiersassocies.fr\/index.php\/produit\/perceuse-visseuse-brushless-80nm-18v-15-reglages-de-couple-gamme-v20\/#breadcrumb"},"inLanguage":"fr-FR","potentialAction":[{"@type":"ReadAction","target":["https:\/\/lesforestiersassocies.fr\/index.php\/produit\/perceuse-visseuse-brushless-80nm-18v-15-reglages-de-couple-gamme-v20\/"]}]},{"@type":"BreadcrumbList","@id":"https:\/\/lesforestiersassocies.fr\/index.php\/produit\/perceuse-visseuse-brushless-80nm-18v-15-reglages-de-couple-gamme-v20\/#breadcrumb","itemListElement":[{"@type":"ListItem","position":1,"name":"Accueil","item":"https:\/\/lesforestiersassocies.fr\/"},{"@type":"ListItem","position":2,"name":"Inventory","item":"https:\/\/lesforestiersassocies.fr\/index.php\/inventory\/"},{"@type":"ListItem","position":3,"name":"Perceuse Visseuse BRUSHLESS 80Nm &#8211; 18V &#8211; 15 r\u00e9glages de couple &#8211; Gamme V20"}]},{"@type":"WebSite","@id":"https:\/\/lesforestiersassocies.fr\/#website","url":"https:\/\/lesforestiersassocies.fr\/","name":"Les Forestiers Associ\u00e9s","description":"Les Forestiers Associ\u00e9s","publisher":{"@id":"https:\/\/lesforestiersassocies.fr\/#organization"},"potentialAction":[{"@type":"SearchAction","target":{"@type":"EntryPoint","urlTemplate":"https:\/\/lesforestiersassocies.fr\/?s={search_term_string}"},"query-input":"required name=search_term_string"}],"inLanguage":"fr-FR"},{"@type":"Organization","@id":"https:\/\/lesforestiersassocies.fr\/#organization","name":"Les Forestiers Associ\u00e9s","url":"https:\/\/lesforestiersassocies.fr\/","logo":{"@type":"ImageObject","inLanguage":"fr-FR","@id":"https:\/\/lesforestiersassocies.fr\/#\/schema\/logo\/image\/","url":"http:\/\/lesforestiersassocies.fr\/wp-content\/uploads\/2019\/01\/LFA-Logo.jpg","contentUrl":"http:\/\/lesforestiersassocies.fr\/wp-content\/uploads\/2019\/01\/LFA-Logo.jpg","width":905,"height":314,"caption":"Les Forestiers Associ\u00e9s"},"image":{"@id":"https:\/\/lesforestiersassocies.fr\/#\/schema\/logo\/image\/"}}]}},"_links":{"self":[{"href":"https:\/\/lesforestiersassocies.fr\/index.php\/wp-json\/wp\/v2\/product\/11878"}],"collection":[{"href":"https:\/\/lesforestiersassocies.fr\/index.php\/wp-json\/wp\/v2\/product"}],"about":[{"href":"https:\/\/lesforestiersassocies.fr\/index.php\/wp-json\/wp\/v2\/types\/product"}],"wp:featuredmedia":[{"embeddable":true,"href":"https:\/\/lesforestiersassocies.fr\/index.php\/wp-json\/wp\/v2\/media\/11879"}],"wp:attachment":[{"href":"https:\/\/lesforestiersassocies.fr\/index.php\/wp-json\/wp\/v2\/media?parent=11878"}],"wp:term":[{"taxonomy":"product_cat","embeddable":true,"href":"https:\/\/lesforestiersassocies.fr\/index.php\/wp-json\/wp\/v2\/product_cat?post=11878"},{"taxonomy":"product_tag","embeddable":true,"href":"https:\/\/lesforestiersassocies.fr\/index.php\/wp-json\/wp\/v2\/product_tag?post=11878"}],"curies":[{"name":"wp","href":"https:\/\/api.w.org\/{rel}","templated":true}]}}